{"id":13275,"date":"2018-03-17T18:04:52","date_gmt":"2018-03-17T17:04:52","guid":{"rendered":"http:\/\/soloreglasgolf.com\/WordPress3\/?page_id=13275"},"modified":"2021-05-10T00:01:57","modified_gmt":"2021-05-09T22:01:57","slug":"regla-07","status":"publish","type":"page","link":"https:\/\/soloreglasgolf.com\/WordPress3\/reglas-2019\/iii-jugando-la-bola\/regla-07\/","title":{"rendered":"Regla 7 \u2013 B\u00fasqueda de la Bola: Encontrando e Identificando la Bola"},"content":{"rendered":"<p><strong>Prop\u00f3sito: <\/strong><\/p>\n<p>La Regla 7 permite al jugador emprender acciones razonables para la b\u00fasqueda<br \/>\nadecuada de su bola en juego despu\u00e9s de cada golpe.<br \/>\n\u00d8 Pero el jugador debe tener precauci\u00f3n, porque incurrir\u00eda en penalizaci\u00f3n si act\u00faa\u00a0excesivamente y provoca una mejora de las condiciones que afectan a su siguiente\u00a0golpe.<br \/>\n\u00d8 El jugador no tiene penalizaci\u00f3n si la bola es accidentalmente movida durante la\u00a0b\u00fasqueda o identificaci\u00f3n, pero debe reponerla en su punto de reposo original.<\/p>\n<p><strong>7.1 C\u00f3mo Buscar la Bola Adecuadamente<\/strong><br \/>\n<strong>a. El Jugador Puede Emprender Acciones Razonables para Encontrarla e Identificarla<\/strong><br \/>\nUn jugador es responsable de encontrar su bola en juego despu\u00e9s de cada golpe.<br \/>\nEl jugador puede buscar su bola adecuadamente realizando acciones razonables para\u00a0encontrarla e identificarla, como:<br \/>\n\u2022 Moviendo arena y agua, y<br \/>\n\u2022 Moviendo o doblando c\u00e9sped, arbustos, ramas de \u00e1rbol y otros objetos naturales\u00a0fijos o en crecimiento y tambi\u00e9n rompiendo dichos objetos, pero solo si dicha\u00a0ruptura es el resultado de llevar a cabo otras acciones razonables para encontrar\u00a0o identificar la bola.<br \/>\nSi realizando dichas acciones razonables, como parte de una b\u00fasqueda adecuada, se\u00a0mejoran las condiciones que afectan al golpe:<br \/>\n\u2022 No hay penalizaci\u00f3n bajo la Regla 8.1a si la mejora resulta de efectuar una\u00a0b\u00fasqueda adecuada.<br \/>\n\u2022 Pero si la mejora es el resultado de acciones que van m\u00e1s all\u00e1 de lo que era\u00a0razonable para efectuar una b\u00fasqueda adecuada, el jugador incurre en la\u00a0penalizaci\u00f3n general por infringir la Regla 8.1a.<br \/>\nAl tratar de encontrar e identificar la bola, el jugador puede quitar impedimentos sueltos\u00a0de acuerdo con la Regla 15.1 y quitar obstrucciones movibles de acuerdo con la Regla\u00a015.2.<\/p>\n<p><strong>b. C\u00f3mo Proceder si Se Mueve Arena que Afecta el Lie de la Bola Mientras se Est\u00e1\u00a0Intentando Encontrarla o Identificarla.<\/strong><br \/>\n\u2022 El jugador deber\u00e1 recrear el lie original en la arena, pero puede dejar visible una\u00a0peque\u00f1a parte de la bola si estaba cubierta de arena.<br \/>\n\u2022 Si el jugador juega la bola sin recrear el lie original, incurre en la penalizaci\u00f3n\u00a0general.<\/p>\n<p><strong>7.2 C\u00f3mo Identificar la Bola<\/strong><br \/>\nLa bola en reposo de un jugador puede ser identificada de una de las siguientes maneras:<br \/>\n\u2022 Por el jugador o cualquier otra persona que ve como una bola queda en reposo,\u00a0en circunstancias en la que se sabe que es la bola del jugador.<br \/>\n\u2022 Viendo la marca de identificaci\u00f3n del jugador en la bola (ver Regla 6.3a)<br \/>\n\u2022 Encontrando una bola con la misma marca, modelo, n\u00famero y estado que la del\u00a0jugador, en un \u00e1rea en la que se espera que est\u00e9 (pero esto no se aplica si hay\u00a0una bola id\u00e9ntica en la misma zona y no hay posibilidad de saber cu\u00e1l es la bola\u00a0del jugador).<br \/>\nSi una bola provisional de un jugador no puede ser distinguida de su bola original, ver\u00a0Regla 18.3c (2).<\/p>\n<p><strong>7.3 Levantando la Bola para Identificarla<\/strong><br \/>\nSi una bola puede ser la del jugador, pero no se puede identificar tal como reposa:<br \/>\n\u2022 El jugador podr\u00e1 levantarla para identificarla (incluyendo rotarla), pero:<br \/>\n\u2022 El <strong>punto de reposo de la bola debe ser marcado<\/strong> y la <strong>bola no debe limpiarse m\u00e1s\u00a0de lo necesario para identificarla<\/strong> (excepto en el green) (ver Regla 14.1).<\/p>\n<p>Si la bola levantada es la del jugador o de cualquier otro, debe reponerse en el punto de\u00a0reposo original (ver Regla 14.2).<\/p>\n<p>Si el jugador levanta su bola bajo esta Regla cuando no es razonablemente necesario\u00a0hacerlo para identificarla (excepto en el green donde el jugador puede levantarla bajo la\u00a0Regla 13.1b), no la marca antes de levantarla o la limpia cuando no est\u00e1 permitido, el\u00a0jugador incurre en <strong>un golpe de penalizaci\u00f3n<\/strong>.<\/p>\n<p>Penalizaci\u00f3n por Jugar una Bola Incorrectamente Sustituta o Jugar una Bola desde\u00a0Lugar Equivocado infringiendo la Regla 7.3: Penalizaci\u00f3n General bajo la Regla 6.3b o\u00a014.7a.<\/p>\n<p>Si m\u00faltiples infracciones a la Regla resultan de un solo acto o actos relacionados, ver\u00a0Regla 1.3c (4).<\/p>\n<p><strong>7.4 Bola Accidentalmente Movida al Tratar de Encontrarla o Identificarla<\/strong><br \/>\nNo hay penalizaci\u00f3n si la bola del jugador es movida accidentalmente por el jugador, el\u00a0contrario o cualquier otra persona mientras tratan de encontrarla o identificarla.<br \/>\nSi esto ocurre, la bola debe ser repuesta en su punto de reposo original (el cual si no es\u00a0conocido debe ser estimado) (ver Regla 14.2). Al hacerlo:<br \/>\n\u2022 Si la bola reposaba sobre, debajo de o contra cualquier obstrucci\u00f3n inamovible,\u00a0objeto integrante, objeto de l\u00edmites u objeto natural fijo o en crecimiento, la bola\u00a0ha de reponerse en su punto de reposo original sobre, debajo de o contra el\u00a0objeto de que se trate (ver Regla 14.2c).<br \/>\n\u2022 Si la bola estaba cubierta de arena, debe recrearse el lie original y la bola debe\u00a0reponerse en ese lie (ver la Regla 14.2d (1)). Pero al hacerlo el jugador puede\u00a0dejar visible una peque\u00f1a parte de la bola.<br \/>\nVer tambi\u00e9n la Regla 15.1a (restricciones a quitar deliberadamente impedimentos\u00a0sueltos antes de reponer la bola).<\/p>\n<p>Penalizaci\u00f3n por Infracci\u00f3n de la Regla 7.4: Penalizaci\u00f3n General<\/p>\n<p>&nbsp;<\/p>\n<div class=\"g g-2\"><div class=\"g-single a-19\"><script type=\"text\/javascript\"><!--\r\ngoogle_ad_client = \"ca-pub-2363348512557029\";\r\n\/* Blog pagina-post *\/\r\ngoogle_ad_slot = \"1564877784\";\r\ngoogle_ad_width = 728;\r\ngoogle_ad_height = 90;\r\n\/\/-->\r\n<\/script>\r\n<script type=\"text\/javascript\"\r\nsrc=\"http:\/\/pagead2.googlesyndication.com\/pagead\/show_ads.js\">\r\n<\/script><\/div><\/div>\n","protected":false},"excerpt":{"rendered":"<p>Prop\u00f3sito: La Regla 7 permite al jugador emprender acciones razonables para la b\u00fasqueda adecuada de su bola en juego despu\u00e9s de cada golpe. \u00d8 Pero el jugador debe tener precauci\u00f3n, porque incurrir\u00eda en penalizaci\u00f3n si act\u00faa\u00a0excesivamente y provoca una mejora de las condiciones que afectan a su siguiente\u00a0golpe. \u00d8 El jugador no tiene penalizaci\u00f3n si <a href='https:\/\/soloreglasgolf.com\/WordPress3\/reglas-2019\/iii-jugando-la-bola\/regla-07\/' class='excerpt-more'>[Leer + &#8230;]<\/a><\/p>\n","protected":false},"author":28,"featured_media":0,"parent":44174,"menu_order":7,"comment_status":"closed","ping_status":"closed","template":"","meta":{"jetpack_post_was_ever_published":false,"footnotes":""},"class_list":["post-13275","page","type-page","status-publish","hentry","post-seq-1","post-parity-odd","meta-position-corners","fix"],"yoast_head":"<!-- This site is optimized with the Yoast SEO plugin v22.0 - https:\/\/yoast.com\/wordpress\/plugins\/seo\/ -->\n<title>Regla 7 \u2013 B\u00fasqueda de la Bola: Encontrando e Identificando la Bola - SoloReglasGolf<\/title>\n<meta name=\"robots\" content=\"index, follow, max-snippet:-1, max-image-preview:large, max-video-preview:-1\" \/>\n<link rel=\"canonical\" href=\"http:\/\/soloreglasgolf.com\/WordPress3\/reglas-2019\/iii-jugando-la-bola\/regla-07\/\" \/>\n<meta name=\"twitter:label1\" content=\"Tiempo de lectura\" \/>\n\t<meta name=\"twitter:data1\" content=\"4 minutos\" \/>\n<script type=\"application\/ld+json\" class=\"yoast-schema-graph\">{\"@context\":\"https:\/\/schema.org\",\"@graph\":[{\"@type\":\"WebPage\",\"@id\":\"http:\/\/soloreglasgolf.com\/WordPress3\/reglas-2019\/iii-jugando-la-bola\/regla-07\/\",\"url\":\"http:\/\/soloreglasgolf.com\/WordPress3\/reglas-2019\/iii-jugando-la-bola\/regla-07\/\",\"name\":\"Regla 7 \u2013 B\u00fasqueda de la Bola: Encontrando e Identificando la Bola - SoloReglasGolf\",\"isPartOf\":{\"@id\":\"http:\/\/soloreglasgolf.com\/WordPress3\/#website\"},\"datePublished\":\"2018-03-17T17:04:52+00:00\",\"dateModified\":\"2021-05-09T22:01:57+00:00\",\"breadcrumb\":{\"@id\":\"http:\/\/soloreglasgolf.com\/WordPress3\/reglas-2019\/iii-jugando-la-bola\/regla-07\/#breadcrumb\"},\"inLanguage\":\"es\",\"potentialAction\":[{\"@type\":\"ReadAction\",\"target\":[\"http:\/\/soloreglasgolf.com\/WordPress3\/reglas-2019\/iii-jugando-la-bola\/regla-07\/\"]}]},{\"@type\":\"BreadcrumbList\",\"@id\":\"http:\/\/soloreglasgolf.com\/WordPress3\/reglas-2019\/iii-jugando-la-bola\/regla-07\/#breadcrumb\",\"itemListElement\":[{\"@type\":\"ListItem\",\"position\":1,\"name\":\"Portada\",\"item\":\"http:\/\/soloreglasgolf.com\/WordPress3\/\"},{\"@type\":\"ListItem\",\"position\":2,\"name\":\"Reglas 2019\",\"item\":\"http:\/\/soloreglasgolf.com\/WordPress3\/reglas-2019\/\"},{\"@type\":\"ListItem\",\"position\":3,\"name\":\"III. Jugando la Bola\",\"item\":\"http:\/\/soloreglasgolf.com\/WordPress3\/reglas-2019\/iii-jugando-la-bola\/\"},{\"@type\":\"ListItem\",\"position\":4,\"name\":\"Regla 7 \u2013 B\u00fasqueda de la Bola: Encontrando e Identificando la Bola\"}]},{\"@type\":\"WebSite\",\"@id\":\"http:\/\/soloreglasgolf.com\/WordPress3\/#website\",\"url\":\"http:\/\/soloreglasgolf.com\/WordPress3\/\",\"name\":\"SoloReglasGolf\",\"description\":\"Conversando sobre  Reglas de Golf\",\"potentialAction\":[{\"@type\":\"SearchAction\",\"target\":{\"@type\":\"EntryPoint\",\"urlTemplate\":\"http:\/\/soloreglasgolf.com\/WordPress3\/?s={search_term_string}\"},\"query-input\":\"required name=search_term_string\"}],\"inLanguage\":\"es\"}]}<\/script>\n<!-- \/ Yoast SEO plugin. -->","yoast_head_json":{"title":"Regla 7 \u2013 B\u00fasqueda de la Bola: Encontrando e Identificando la Bola - SoloReglasGolf","robots":{"index":"index","follow":"follow","max-snippet":"max-snippet:-1","max-image-preview":"max-image-preview:large","max-video-preview":"max-video-preview:-1"},"canonical":"http:\/\/soloreglasgolf.com\/WordPress3\/reglas-2019\/iii-jugando-la-bola\/regla-07\/","twitter_misc":{"Tiempo de lectura":"4 minutos"},"schema":{"@context":"https:\/\/schema.org","@graph":[{"@type":"WebPage","@id":"http:\/\/soloreglasgolf.com\/WordPress3\/reglas-2019\/iii-jugando-la-bola\/regla-07\/","url":"http:\/\/soloreglasgolf.com\/WordPress3\/reglas-2019\/iii-jugando-la-bola\/regla-07\/","name":"Regla 7 \u2013 B\u00fasqueda de la Bola: Encontrando e Identificando la Bola - SoloReglasGolf","isPartOf":{"@id":"http:\/\/soloreglasgolf.com\/WordPress3\/#website"},"datePublished":"2018-03-17T17:04:52+00:00","dateModified":"2021-05-09T22:01:57+00:00","breadcrumb":{"@id":"http:\/\/soloreglasgolf.com\/WordPress3\/reglas-2019\/iii-jugando-la-bola\/regla-07\/#breadcrumb"},"inLanguage":"es","potentialAction":[{"@type":"ReadAction","target":["http:\/\/soloreglasgolf.com\/WordPress3\/reglas-2019\/iii-jugando-la-bola\/regla-07\/"]}]},{"@type":"BreadcrumbList","@id":"http:\/\/soloreglasgolf.com\/WordPress3\/reglas-2019\/iii-jugando-la-bola\/regla-07\/#breadcrumb","itemListElement":[{"@type":"ListItem","position":1,"name":"Portada","item":"http:\/\/soloreglasgolf.com\/WordPress3\/"},{"@type":"ListItem","position":2,"name":"Reglas 2019","item":"http:\/\/soloreglasgolf.com\/WordPress3\/reglas-2019\/"},{"@type":"ListItem","position":3,"name":"III. Jugando la Bola","item":"http:\/\/soloreglasgolf.com\/WordPress3\/reglas-2019\/iii-jugando-la-bola\/"},{"@type":"ListItem","position":4,"name":"Regla 7 \u2013 B\u00fasqueda de la Bola: Encontrando e Identificando la Bola"}]},{"@type":"WebSite","@id":"http:\/\/soloreglasgolf.com\/WordPress3\/#website","url":"http:\/\/soloreglasgolf.com\/WordPress3\/","name":"SoloReglasGolf","description":"Conversando sobre  Reglas de Golf","potentialAction":[{"@type":"SearchAction","target":{"@type":"EntryPoint","urlTemplate":"http:\/\/soloreglasgolf.com\/WordPress3\/?s={search_term_string}"},"query-input":"required name=search_term_string"}],"inLanguage":"es"}]}},"jetpack_sharing_enabled":true,"jetpack_shortlink":"https:\/\/wp.me\/P36cD2-3s7","_links":{"self":[{"href":"https:\/\/soloreglasgolf.com\/WordPress3\/wp-json\/wp\/v2\/pages\/13275","targetHints":{"allow":["GET"]}}],"collection":[{"href":"https:\/\/soloreglasgolf.com\/WordPress3\/wp-json\/wp\/v2\/pages"}],"about":[{"href":"https:\/\/soloreglasgolf.com\/WordPress3\/wp-json\/wp\/v2\/types\/page"}],"author":[{"embeddable":true,"href":"https:\/\/soloreglasgolf.com\/WordPress3\/wp-json\/wp\/v2\/users\/28"}],"replies":[{"embeddable":true,"href":"https:\/\/soloreglasgolf.com\/WordPress3\/wp-json\/wp\/v2\/comments?post=13275"}],"version-history":[{"count":7,"href":"https:\/\/soloreglasgolf.com\/WordPress3\/wp-json\/wp\/v2\/pages\/13275\/revisions"}],"predecessor-version":[{"id":14509,"href":"https:\/\/soloreglasgolf.com\/WordPress3\/wp-json\/wp\/v2\/pages\/13275\/revisions\/14509"}],"up":[{"embeddable":true,"href":"https:\/\/soloreglasgolf.com\/WordPress3\/wp-json\/wp\/v2\/pages\/44174"}],"wp:attachment":[{"href":"https:\/\/soloreglasgolf.com\/WordPress3\/wp-json\/wp\/v2\/media?parent=13275"}],"curies":[{"name":"wp","href":"https:\/\/api.w.org\/{rel}","templated":true}]}}