{"id":9219,"date":"2013-03-11T15:29:12","date_gmt":"2013-03-11T14:29:12","guid":{"rendered":"http:\/\/soloreglasgolf.com\/WordPress3\/?page_id=9219"},"modified":"2013-03-21T13:03:18","modified_gmt":"2013-03-21T12:03:18","slug":"como-se-obtiene-el-handicap","status":"publish","type":"page","link":"http:\/\/soloreglasgolf.com\/WordPress3\/como-se-obtiene-el-handicap\/","title":{"rendered":"\u00bfC\u00f3mo se obtiene el handicap?"},"content":{"rendered":"<p>El proceso de <strong>obtenci\u00f3n del handicap<\/strong> no es exactamente el mismo en todas las Federaciones, pero lo habitual es que el futuro jugador demuestre:<\/p>\n<div>\n<ul>\n<li>un\u00a0<strong>nivel\u00a0b\u00e1sico de conocimiento de \u00a0las Reglas<\/strong>: dependiendo de la Federaci\u00f3n puede ser requerido acudir a una charla de Reglas o incluso superar un <strong>examen tipo test<\/strong> sobre las Reglas B\u00e1sicas.<\/li>\n<li>cierta <strong>destreza en el juego<\/strong>: a nivel de Club los profesionales o los miembros del Comit\u00e9 de Competici\u00f3n, deben avalar que el jugador posee un nivel de juego suficiente que le permita salir al campo. Tambi\u00e9n que conoce las normas b\u00e1sicas para desenvolverse en el campo, especialmente las <strong>Reglas de Etiqueta<\/strong><\/li>\n<\/ul>\n<div>Para el <strong>examen de obtenci\u00f3n del handicap<\/strong>, puede ser de gran ayuda los siguientes Test de Reglas:<\/div>\n<\/div>\n<ul>\n<li><a title=\"Reglas Etiqueta (10p)\" href=\"http:\/\/soloreglasgolf.com\/WordPress3\/test-reglas-golf\/reglas-etiqueta-10p\/\">Reglas Etiqueta<\/a><\/li>\n<li><a title=\"Definiciones y Reglas B\u00e1sicas (10p)\" href=\"http:\/\/soloreglasgolf.com\/WordPress3\/test-reglas-golf\/definiciones-y-reglas-basicas-1p\/\">Deficiones y Reglas B\u00e1sicas<\/a><\/li>\n<\/ul>\n<div class=\"g g-2\"><div class=\"g-single a-16\"><script type=\"text\/javascript\"><!--\r\ngoogle_ad_client = \"ca-pub-2363348512557029\";\r\n\/* Blog pagina-post *\/\r\ngoogle_ad_slot = \"1564877784\";\r\ngoogle_ad_width = 728;\r\ngoogle_ad_height = 90;\r\n\/\/-->\r\n<\/script>\r\n<script type=\"text\/javascript\"\r\nsrc=\"http:\/\/pagead2.googlesyndication.com\/pagead\/show_ads.js\">\r\n<\/script><\/div><\/div>\n","protected":false},"excerpt":{"rendered":"<p>El proceso de obtenci\u00f3n del handicap no es exactamente el mismo en todas las Federaciones, pero lo habitual es que el futuro jugador demuestre: un\u00a0nivel\u00a0b\u00e1sico de conocimiento de \u00a0las Reglas: dependiendo de la Federaci\u00f3n puede ser requerido acudir a una charla de Reglas o incluso superar un examen tipo test sobre las Reglas B\u00e1sicas. cierta <a href='http:\/\/soloreglasgolf.com\/WordPress3\/como-se-obtiene-el-handicap\/' class='excerpt-more'>[Leer + &#8230;]<\/a><\/p>\n","protected":false},"author":28,"featured_media":0,"parent":0,"menu_order":0,"comment_status":"closed","ping_status":"open","template":"","meta":{"jetpack_post_was_ever_published":false,"footnotes":""},"class_list":["post-9219","page","type-page","status-publish","hentry","post-seq-1","post-parity-odd","meta-position-corners","fix"],"yoast_head":"<!-- This site is optimized with the Yoast SEO plugin v22.0 - https:\/\/yoast.com\/wordpress\/plugins\/seo\/ -->\n<title>\u00bfC\u00f3mo se obtiene el handicap? - SoloReglasGolf<\/title>\n<meta name=\"description\" content=\"Para obtener el handicap es posible tener que pasar un examen tipo test de Reglas y un m\u00ednimo nivel de juego.\" \/>\n<meta name=\"robots\" content=\"index, follow, max-snippet:-1, max-image-preview:large, max-video-preview:-1\" \/>\n<link rel=\"canonical\" href=\"http:\/\/soloreglasgolf.com\/WordPress3\/como-se-obtiene-el-handicap\/\" \/>\n<meta name=\"twitter:label1\" content=\"Tiempo de lectura\" \/>\n\t<meta name=\"twitter:data1\" content=\"1 minuto\" \/>\n<script type=\"application\/ld+json\" class=\"yoast-schema-graph\">{\"@context\":\"https:\/\/schema.org\",\"@graph\":[{\"@type\":\"WebPage\",\"@id\":\"http:\/\/soloreglasgolf.com\/WordPress3\/como-se-obtiene-el-handicap\/\",\"url\":\"http:\/\/soloreglasgolf.com\/WordPress3\/como-se-obtiene-el-handicap\/\",\"name\":\"\u00bfC\u00f3mo se obtiene el handicap? - SoloReglasGolf\",\"isPartOf\":{\"@id\":\"http:\/\/soloreglasgolf.com\/WordPress3\/#website\"},\"datePublished\":\"2013-03-11T14:29:12+00:00\",\"dateModified\":\"2013-03-21T12:03:18+00:00\",\"description\":\"Para obtener el handicap es posible tener que pasar un examen tipo test de Reglas y un m\u00ednimo nivel de juego.\",\"breadcrumb\":{\"@id\":\"http:\/\/soloreglasgolf.com\/WordPress3\/como-se-obtiene-el-handicap\/#breadcrumb\"},\"inLanguage\":\"es\",\"potentialAction\":[{\"@type\":\"ReadAction\",\"target\":[\"http:\/\/soloreglasgolf.com\/WordPress3\/como-se-obtiene-el-handicap\/\"]}]},{\"@type\":\"BreadcrumbList\",\"@id\":\"http:\/\/soloreglasgolf.com\/WordPress3\/como-se-obtiene-el-handicap\/#breadcrumb\",\"itemListElement\":[{\"@type\":\"ListItem\",\"position\":1,\"name\":\"Portada\",\"item\":\"http:\/\/soloreglasgolf.com\/WordPress3\/\"},{\"@type\":\"ListItem\",\"position\":2,\"name\":\"\u00bfC\u00f3mo se obtiene el handicap?\"}]},{\"@type\":\"WebSite\",\"@id\":\"http:\/\/soloreglasgolf.com\/WordPress3\/#website\",\"url\":\"http:\/\/soloreglasgolf.com\/WordPress3\/\",\"name\":\"SoloReglasGolf\",\"description\":\"Conversando sobre  Reglas de Golf\",\"potentialAction\":[{\"@type\":\"SearchAction\",\"target\":{\"@type\":\"EntryPoint\",\"urlTemplate\":\"http:\/\/soloreglasgolf.com\/WordPress3\/?s={search_term_string}\"},\"query-input\":\"required name=search_term_string\"}],\"inLanguage\":\"es\"}]}<\/script>\n<!-- \/ Yoast SEO plugin. -->","yoast_head_json":{"title":"\u00bfC\u00f3mo se obtiene el handicap? - SoloReglasGolf","description":"Para obtener el handicap es posible tener que pasar un examen tipo test de Reglas y un m\u00ednimo nivel de juego.","robots":{"index":"index","follow":"follow","max-snippet":"max-snippet:-1","max-image-preview":"max-image-preview:large","max-video-preview":"max-video-preview:-1"},"canonical":"http:\/\/soloreglasgolf.com\/WordPress3\/como-se-obtiene-el-handicap\/","twitter_misc":{"Tiempo de lectura":"1 minuto"},"schema":{"@context":"https:\/\/schema.org","@graph":[{"@type":"WebPage","@id":"http:\/\/soloreglasgolf.com\/WordPress3\/como-se-obtiene-el-handicap\/","url":"http:\/\/soloreglasgolf.com\/WordPress3\/como-se-obtiene-el-handicap\/","name":"\u00bfC\u00f3mo se obtiene el handicap? - SoloReglasGolf","isPartOf":{"@id":"http:\/\/soloreglasgolf.com\/WordPress3\/#website"},"datePublished":"2013-03-11T14:29:12+00:00","dateModified":"2013-03-21T12:03:18+00:00","description":"Para obtener el handicap es posible tener que pasar un examen tipo test de Reglas y un m\u00ednimo nivel de juego.","breadcrumb":{"@id":"http:\/\/soloreglasgolf.com\/WordPress3\/como-se-obtiene-el-handicap\/#breadcrumb"},"inLanguage":"es","potentialAction":[{"@type":"ReadAction","target":["http:\/\/soloreglasgolf.com\/WordPress3\/como-se-obtiene-el-handicap\/"]}]},{"@type":"BreadcrumbList","@id":"http:\/\/soloreglasgolf.com\/WordPress3\/como-se-obtiene-el-handicap\/#breadcrumb","itemListElement":[{"@type":"ListItem","position":1,"name":"Portada","item":"http:\/\/soloreglasgolf.com\/WordPress3\/"},{"@type":"ListItem","position":2,"name":"\u00bfC\u00f3mo se obtiene el handicap?"}]},{"@type":"WebSite","@id":"http:\/\/soloreglasgolf.com\/WordPress3\/#website","url":"http:\/\/soloreglasgolf.com\/WordPress3\/","name":"SoloReglasGolf","description":"Conversando sobre  Reglas de Golf","potentialAction":[{"@type":"SearchAction","target":{"@type":"EntryPoint","urlTemplate":"http:\/\/soloreglasgolf.com\/WordPress3\/?s={search_term_string}"},"query-input":"required name=search_term_string"}],"inLanguage":"es"}]}},"jetpack_sharing_enabled":true,"jetpack_shortlink":"https:\/\/wp.me\/P36cD2-2oH","_links":{"self":[{"href":"http:\/\/soloreglasgolf.com\/WordPress3\/wp-json\/wp\/v2\/pages\/9219","targetHints":{"allow":["GET"]}}],"collection":[{"href":"http:\/\/soloreglasgolf.com\/WordPress3\/wp-json\/wp\/v2\/pages"}],"about":[{"href":"http:\/\/soloreglasgolf.com\/WordPress3\/wp-json\/wp\/v2\/types\/page"}],"author":[{"embeddable":true,"href":"http:\/\/soloreglasgolf.com\/WordPress3\/wp-json\/wp\/v2\/users\/28"}],"replies":[{"embeddable":true,"href":"http:\/\/soloreglasgolf.com\/WordPress3\/wp-json\/wp\/v2\/comments?post=9219"}],"version-history":[{"count":0,"href":"http:\/\/soloreglasgolf.com\/WordPress3\/wp-json\/wp\/v2\/pages\/9219\/revisions"}],"wp:attachment":[{"href":"http:\/\/soloreglasgolf.com\/WordPress3\/wp-json\/wp\/v2\/media?parent=9219"}],"curies":[{"name":"wp","href":"https:\/\/api.w.org\/{rel}","templated":true}]}}