{"id":2579,"date":"2012-03-16T16:33:54","date_gmt":"2012-03-16T15:33:54","guid":{"rendered":"http:\/\/soloreglasgolf.com\/WordPress3\/?page_id=2579"},"modified":"2013-05-10T22:43:00","modified_gmt":"2013-05-10T20:43:00","slug":"handicap-juego-ega-hje","status":"publish","type":"page","link":"http:\/\/soloreglasgolf.com\/WordPress3\/libro-verde\/handicap-juego-ega-hje\/","title":{"rendered":"Handicap Juego EGA (HJE)"},"content":{"rendered":"<p>El <strong>h\u00e1ndicap de juego <\/strong>EGA es el n\u00famero de p<strong>untos h\u00e1ndicap<\/strong> que recibe un jugador de acuerdo con la dificultad del recorrido <strong>seg\u00fan las barras de salida<\/strong> elegidas en el campo en que juegue.<\/p>\n<p>Se calcula aplicando al <a title=\"Handicap Exacto EGA\" href=\"http:\/\/soloreglasgolf.com\/WordPress3\/handicap-exacto-ega\/\"><span style=\"text-decoration: underline;\"><strong>h\u00e1ndicap Exacto EGA<\/strong><\/span> <\/a>las formulas siguientes:<\/p>\n<p><strong><span style=\"text-decoration: underline;\">para 18 hoyos<\/span>:<\/strong><\/p>\n<p>h\u00e1ndicap de juego EGA = h\u00e1ndicap Exacto EGA x valor Slope \/ 113 + (Valor de Campo\u2013 par (18 hoyos))<\/p>\n<p><strong><span style=\"text-decoration: underline;\">p<\/span><span style=\"text-decoration: underline;\">ara 9 hoyos:<\/span><\/strong><\/p>\n<p>h\u00e1ndicap de juego EGA = h\u00e1ndicap Exacto EGA x valor Slope \/ 226 + (Valor de Campo \u2013 par (9 hoyos))<\/p>\n<p>siendo el Valor de Campo y el Slope los valores otorgados por la RFEG para el recorrido en que juegue el jugador.<\/p>\n<p>El <strong>h\u00e1ndicap de juego EGA<\/strong> se expresa por un <strong>n\u00famero entero<\/strong> (si al aplicar la f\u00f3rmula del h\u00e1ndicap de juego este termina de <strong>0.5 a 0.9 se redondea hacia arriba<\/strong>; si termina de<strong> 0.1 a 0.4 se redondea hacia abajo<\/strong>, y si es un jugador de h\u00e1ndicap \u201c+\u201d cuyo h\u00e1ndicap est\u00e1 entre +0.1 y +0.5 se redondea a 0, si est\u00e1 entre +0.6 y +0.9 o entre +1.1 y +1.5 se redondea a +1, si est\u00e1 entre +1.6 a +1.9 o entre +2.1 a +2.5 se redondea a +2, etc.<\/p>\n<div class=\"g g-2\"><div class=\"g-single a-17\"><script type=\"text\/javascript\"><!--\r\ngoogle_ad_client = \"ca-pub-2363348512557029\";\r\n\/* Blog pagina-post *\/\r\ngoogle_ad_slot = \"1564877784\";\r\ngoogle_ad_width = 728;\r\ngoogle_ad_height = 90;\r\n\/\/-->\r\n<\/script>\r\n<script type=\"text\/javascript\"\r\nsrc=\"http:\/\/pagead2.googlesyndication.com\/pagead\/show_ads.js\">\r\n<\/script><\/div><\/div>\n","protected":false},"excerpt":{"rendered":"<p>El h\u00e1ndicap de juego EGA es el n\u00famero de puntos h\u00e1ndicap que recibe un jugador de acuerdo con la dificultad del recorrido seg\u00fan las barras de salida elegidas en el campo en que juegue. Se calcula aplicando al h\u00e1ndicap Exacto EGA las formulas siguientes: para 18 hoyos: h\u00e1ndicap de juego EGA = h\u00e1ndicap Exacto EGA <a href='http:\/\/soloreglasgolf.com\/WordPress3\/libro-verde\/handicap-juego-ega-hje\/' class='excerpt-more'>[Leer + &#8230;]<\/a><\/p>\n","protected":false},"author":28,"featured_media":0,"parent":5606,"menu_order":0,"comment_status":"open","ping_status":"open","template":"","meta":{"jetpack_post_was_ever_published":false,"footnotes":""},"class_list":["post-2579","page","type-page","status-publish","hentry","post-seq-1","post-parity-odd","meta-position-corners","fix"],"yoast_head":"<!-- This site is optimized with the Yoast SEO plugin v22.0 - https:\/\/yoast.com\/wordpress\/plugins\/seo\/ -->\n<title>Handicap Juego EGA (HJE) - SoloReglasGolf<\/title>\n<meta name=\"description\" content=\"handicap juego ega golf\" \/>\n<meta name=\"robots\" content=\"index, follow, max-snippet:-1, max-image-preview:large, max-video-preview:-1\" \/>\n<link rel=\"canonical\" href=\"http:\/\/soloreglasgolf.com\/WordPress3\/libro-verde\/handicap-juego-ega-hje\/\" \/>\n<meta name=\"twitter:label1\" content=\"Tiempo de lectura\" \/>\n\t<meta name=\"twitter:data1\" content=\"1 minuto\" \/>\n<script type=\"application\/ld+json\" class=\"yoast-schema-graph\">{\"@context\":\"https:\/\/schema.org\",\"@graph\":[{\"@type\":\"WebPage\",\"@id\":\"http:\/\/soloreglasgolf.com\/WordPress3\/libro-verde\/handicap-juego-ega-hje\/\",\"url\":\"http:\/\/soloreglasgolf.com\/WordPress3\/libro-verde\/handicap-juego-ega-hje\/\",\"name\":\"Handicap Juego EGA (HJE) - SoloReglasGolf\",\"isPartOf\":{\"@id\":\"http:\/\/soloreglasgolf.com\/WordPress3\/#website\"},\"datePublished\":\"2012-03-16T15:33:54+00:00\",\"dateModified\":\"2013-05-10T20:43:00+00:00\",\"description\":\"handicap juego ega golf\",\"breadcrumb\":{\"@id\":\"http:\/\/soloreglasgolf.com\/WordPress3\/libro-verde\/handicap-juego-ega-hje\/#breadcrumb\"},\"inLanguage\":\"es\",\"potentialAction\":[{\"@type\":\"ReadAction\",\"target\":[\"http:\/\/soloreglasgolf.com\/WordPress3\/libro-verde\/handicap-juego-ega-hje\/\"]}]},{\"@type\":\"BreadcrumbList\",\"@id\":\"http:\/\/soloreglasgolf.com\/WordPress3\/libro-verde\/handicap-juego-ega-hje\/#breadcrumb\",\"itemListElement\":[{\"@type\":\"ListItem\",\"position\":1,\"name\":\"Portada\",\"item\":\"http:\/\/soloreglasgolf.com\/WordPress3\/\"},{\"@type\":\"ListItem\",\"position\":2,\"name\":\"Libro Verde\",\"item\":\"http:\/\/soloreglasgolf.com\/WordPress3\/libro-verde\/\"},{\"@type\":\"ListItem\",\"position\":3,\"name\":\"Handicap Juego EGA (HJE)\"}]},{\"@type\":\"WebSite\",\"@id\":\"http:\/\/soloreglasgolf.com\/WordPress3\/#website\",\"url\":\"http:\/\/soloreglasgolf.com\/WordPress3\/\",\"name\":\"SoloReglasGolf\",\"description\":\"Conversando sobre  Reglas de Golf\",\"potentialAction\":[{\"@type\":\"SearchAction\",\"target\":{\"@type\":\"EntryPoint\",\"urlTemplate\":\"http:\/\/soloreglasgolf.com\/WordPress3\/?s={search_term_string}\"},\"query-input\":\"required name=search_term_string\"}],\"inLanguage\":\"es\"}]}<\/script>\n<!-- \/ Yoast SEO plugin. -->","yoast_head_json":{"title":"Handicap Juego EGA (HJE) - SoloReglasGolf","description":"handicap juego ega golf","robots":{"index":"index","follow":"follow","max-snippet":"max-snippet:-1","max-image-preview":"max-image-preview:large","max-video-preview":"max-video-preview:-1"},"canonical":"http:\/\/soloreglasgolf.com\/WordPress3\/libro-verde\/handicap-juego-ega-hje\/","twitter_misc":{"Tiempo de lectura":"1 minuto"},"schema":{"@context":"https:\/\/schema.org","@graph":[{"@type":"WebPage","@id":"http:\/\/soloreglasgolf.com\/WordPress3\/libro-verde\/handicap-juego-ega-hje\/","url":"http:\/\/soloreglasgolf.com\/WordPress3\/libro-verde\/handicap-juego-ega-hje\/","name":"Handicap Juego EGA (HJE) - SoloReglasGolf","isPartOf":{"@id":"http:\/\/soloreglasgolf.com\/WordPress3\/#website"},"datePublished":"2012-03-16T15:33:54+00:00","dateModified":"2013-05-10T20:43:00+00:00","description":"handicap juego ega golf","breadcrumb":{"@id":"http:\/\/soloreglasgolf.com\/WordPress3\/libro-verde\/handicap-juego-ega-hje\/#breadcrumb"},"inLanguage":"es","potentialAction":[{"@type":"ReadAction","target":["http:\/\/soloreglasgolf.com\/WordPress3\/libro-verde\/handicap-juego-ega-hje\/"]}]},{"@type":"BreadcrumbList","@id":"http:\/\/soloreglasgolf.com\/WordPress3\/libro-verde\/handicap-juego-ega-hje\/#breadcrumb","itemListElement":[{"@type":"ListItem","position":1,"name":"Portada","item":"http:\/\/soloreglasgolf.com\/WordPress3\/"},{"@type":"ListItem","position":2,"name":"Libro Verde","item":"http:\/\/soloreglasgolf.com\/WordPress3\/libro-verde\/"},{"@type":"ListItem","position":3,"name":"Handicap Juego EGA (HJE)"}]},{"@type":"WebSite","@id":"http:\/\/soloreglasgolf.com\/WordPress3\/#website","url":"http:\/\/soloreglasgolf.com\/WordPress3\/","name":"SoloReglasGolf","description":"Conversando sobre  Reglas de Golf","potentialAction":[{"@type":"SearchAction","target":{"@type":"EntryPoint","urlTemplate":"http:\/\/soloreglasgolf.com\/WordPress3\/?s={search_term_string}"},"query-input":"required name=search_term_string"}],"inLanguage":"es"}]}},"jetpack_sharing_enabled":true,"jetpack_shortlink":"https:\/\/wp.me\/P36cD2-FB","_links":{"self":[{"href":"http:\/\/soloreglasgolf.com\/WordPress3\/wp-json\/wp\/v2\/pages\/2579","targetHints":{"allow":["GET"]}}],"collection":[{"href":"http:\/\/soloreglasgolf.com\/WordPress3\/wp-json\/wp\/v2\/pages"}],"about":[{"href":"http:\/\/soloreglasgolf.com\/WordPress3\/wp-json\/wp\/v2\/types\/page"}],"author":[{"embeddable":true,"href":"http:\/\/soloreglasgolf.com\/WordPress3\/wp-json\/wp\/v2\/users\/28"}],"replies":[{"embeddable":true,"href":"http:\/\/soloreglasgolf.com\/WordPress3\/wp-json\/wp\/v2\/comments?post=2579"}],"version-history":[{"count":0,"href":"http:\/\/soloreglasgolf.com\/WordPress3\/wp-json\/wp\/v2\/pages\/2579\/revisions"}],"up":[{"embeddable":true,"href":"http:\/\/soloreglasgolf.com\/WordPress3\/wp-json\/wp\/v2\/pages\/5606"}],"wp:attachment":[{"href":"http:\/\/soloreglasgolf.com\/WordPress3\/wp-json\/wp\/v2\/media?parent=2579"}],"curies":[{"name":"wp","href":"https:\/\/api.w.org\/{rel}","templated":true}]}}