{"id":1562,"date":"2012-01-15T16:37:27","date_gmt":"2012-01-15T15:37:27","guid":{"rendered":"http:\/\/soloreglasgolf.com\/WordPress3\/?page_id=1562"},"modified":"2013-03-21T13:11:24","modified_gmt":"2013-03-21T12:11:24","slug":"sistema-handicap-ega-distribucion-indice-de-golpes","status":"publish","type":"page","link":"http:\/\/soloreglasgolf.com\/WordPress3\/sistema-handicap-ega-distribucion-indice-de-golpes\/","title":{"rendered":"Sistema Handicap EGA: Distribuci\u00f3n Indice de Golpes"},"content":{"rendered":"<p>La Regla de Golf 33-4 requiere que los Comit\u00e9s \u201cpubliquen una tabla indicando el orden de los hoyos en los que se dan o reciben Puntos de Handicap\u201d. Con el fin de conseguir una igualdad entre los Clubes Federados la EGA recomienda la siguiente distribuci\u00f3n (no obstante, la RFEG recomienda el sistema que figura en el \u201cLibro Verde\u201d):<\/p>\n<p>a) Es de vital importancia que el reparto de los puntos a recibir sea equilibrado en los 18 hoyos. La mejor forma de conseguir es asignar los puntos impares a la m\u00e1s dif\u00edcil de las dos vueltas, normalmente los nueve m\u00e1s largos, y los pares a los otros nueve. Los hoyos con el \u00edndice uno y dos deber\u00edan estar cerca de la mitad de cada nueve hoyos y los primeros seis golpes no deber\u00edan asignarse a hoyos continuos.<\/p>\n<p>b) Los puntos 7 a 10 deber\u00edan asignarse de forma que un jugador con handicap 10 no reciba tres golpes en hoyos consecutivos.<\/p>\n<p>c) No deber\u00eda asignarse ninguno de los ocho primeros puntos al primer o \u00faltimo hoyos, y en los clubes donde las competiciones pueden empezar en el hoyo 10, en los hoyos 9 \u00f3 10. Esto evita que un jugador tenga una ventaja injusta en el hoyo 19 en caso de ir a la muerte s\u00fabita.<\/p>\n<p>d) Salvo que existan circunstancias excepcionales, los puntos 9, 10, 11 y 12 deber\u00edan adjudicarse a los hoyos 1, 9, 10 y 18 en el orden que se considere apropiado.<\/p>\n<p>e) Siempre que se cumplan los requisitos anteriores, deber\u00edan elegirse hoyos de diferente longitud al decidir el \u00edndice. El \u00edndice 1 podr\u00eda ser un par 5, el 2 un par 4 largo, el 3 un par 4 m\u00e1s corto y el 4 un par 3. No hay ning\u00fan orden recomendado para esta selecci\u00f3n; el objetivo es conseguir un \u00edndice de hoyos de dificultad variada. Esta selecci\u00f3n resulta en una mayor igualdad para todos los handicaps en el juego por hoyos y competiciones Stableford y Contra<br \/>\nPar que si hubiese un orden basado en la longitud del hoyo o la dificultad por conseguir el par.<\/p>\n<p>Nota 1. El par no es un indicador de la dificultad de un hoyo. Se selecciona a menudo los pares 3 y pares 4 largos para un \u00edndice de dificultad bajo, en vez de los pares 5 porque es m\u00e1s f\u00e1cil conseguir el par en un par 5 que en un par 4 largo. No obstante, hacer el par en los pares 3 y pares 4 largos es dif\u00edcil para el handicap bajo pero a menudo resulta f\u00e1cil hacer<br \/>\nBogey para un jugador con un handicap ligeramente m\u00e1s alto. No debe tenerse en cuenta la dificultad en relaci\u00f3n con el par a la hora de seleccionar los \u00edndices.<\/p>\n<p>Nota 2. Al decidir los \u00edndices hay que tener en cuenta que en la mayor\u00eda de las competiciones sociales hay peque\u00f1as diferencias de handicap, lo cual otorga una gran importancia a la distribuci\u00f3n de los \u00edndices m\u00e1s bajos.<br \/>\nEstas recomendaciones complementan las que hace el Royal and Ancient Golf Club of St. Andrews en sus \u201cDirectrices para Comit\u00e9s de Clubes\u201d, y con las que figuran en el Libro Verde.<\/p>\n<div class=\"g g-2\"><div class=\"g-single a-17\"><script type=\"text\/javascript\"><!--\r\ngoogle_ad_client = \"ca-pub-2363348512557029\";\r\n\/* Blog pagina-post *\/\r\ngoogle_ad_slot = \"1564877784\";\r\ngoogle_ad_width = 728;\r\ngoogle_ad_height = 90;\r\n\/\/-->\r\n<\/script>\r\n<script type=\"text\/javascript\"\r\nsrc=\"http:\/\/pagead2.googlesyndication.com\/pagead\/show_ads.js\">\r\n<\/script><\/div><\/div>\n","protected":false},"excerpt":{"rendered":"<p>La Regla de Golf 33-4 requiere que los Comit\u00e9s \u201cpubliquen una tabla indicando el orden de los hoyos en los que se dan o reciben Puntos de Handicap\u201d. Con el fin de conseguir una igualdad entre los Clubes Federados la EGA recomienda la siguiente distribuci\u00f3n (no obstante, la RFEG recomienda el sistema que figura en <a href='http:\/\/soloreglasgolf.com\/WordPress3\/sistema-handicap-ega-distribucion-indice-de-golpes\/' class='excerpt-more'>[Leer + &#8230;]<\/a><\/p>\n","protected":false},"author":28,"featured_media":0,"parent":0,"menu_order":0,"comment_status":"closed","ping_status":"open","template":"","meta":{"jetpack_post_was_ever_published":false,"footnotes":""},"class_list":["post-1562","page","type-page","status-publish","hentry","post-seq-1","post-parity-odd","meta-position-corners","fix"],"yoast_head":"<!-- This site is optimized with the Yoast SEO plugin v22.0 - https:\/\/yoast.com\/wordpress\/plugins\/seo\/ -->\n<title>Sistema Handicap EGA: Distribuci\u00f3n Indice de Golpes - SoloReglasGolf<\/title>\n<meta name=\"robots\" content=\"index, follow, max-snippet:-1, max-image-preview:large, max-video-preview:-1\" \/>\n<link rel=\"canonical\" href=\"http:\/\/soloreglasgolf.com\/WordPress3\/sistema-handicap-ega-distribucion-indice-de-golpes\/\" \/>\n<meta name=\"twitter:label1\" content=\"Tiempo de lectura\" \/>\n\t<meta name=\"twitter:data1\" content=\"3 minutos\" \/>\n<script type=\"application\/ld+json\" class=\"yoast-schema-graph\">{\"@context\":\"https:\/\/schema.org\",\"@graph\":[{\"@type\":\"WebPage\",\"@id\":\"http:\/\/soloreglasgolf.com\/WordPress3\/sistema-handicap-ega-distribucion-indice-de-golpes\/\",\"url\":\"http:\/\/soloreglasgolf.com\/WordPress3\/sistema-handicap-ega-distribucion-indice-de-golpes\/\",\"name\":\"Sistema Handicap EGA: Distribuci\u00f3n Indice de Golpes - SoloReglasGolf\",\"isPartOf\":{\"@id\":\"http:\/\/soloreglasgolf.com\/WordPress3\/#website\"},\"datePublished\":\"2012-01-15T15:37:27+00:00\",\"dateModified\":\"2013-03-21T12:11:24+00:00\",\"breadcrumb\":{\"@id\":\"http:\/\/soloreglasgolf.com\/WordPress3\/sistema-handicap-ega-distribucion-indice-de-golpes\/#breadcrumb\"},\"inLanguage\":\"es\",\"potentialAction\":[{\"@type\":\"ReadAction\",\"target\":[\"http:\/\/soloreglasgolf.com\/WordPress3\/sistema-handicap-ega-distribucion-indice-de-golpes\/\"]}]},{\"@type\":\"BreadcrumbList\",\"@id\":\"http:\/\/soloreglasgolf.com\/WordPress3\/sistema-handicap-ega-distribucion-indice-de-golpes\/#breadcrumb\",\"itemListElement\":[{\"@type\":\"ListItem\",\"position\":1,\"name\":\"Portada\",\"item\":\"http:\/\/soloreglasgolf.com\/WordPress3\/\"},{\"@type\":\"ListItem\",\"position\":2,\"name\":\"Sistema Handicap EGA: Distribuci\u00f3n Indice de Golpes\"}]},{\"@type\":\"WebSite\",\"@id\":\"http:\/\/soloreglasgolf.com\/WordPress3\/#website\",\"url\":\"http:\/\/soloreglasgolf.com\/WordPress3\/\",\"name\":\"SoloReglasGolf\",\"description\":\"Conversando sobre  Reglas de Golf\",\"potentialAction\":[{\"@type\":\"SearchAction\",\"target\":{\"@type\":\"EntryPoint\",\"urlTemplate\":\"http:\/\/soloreglasgolf.com\/WordPress3\/?s={search_term_string}\"},\"query-input\":\"required name=search_term_string\"}],\"inLanguage\":\"es\"}]}<\/script>\n<!-- \/ Yoast SEO plugin. -->","yoast_head_json":{"title":"Sistema Handicap EGA: Distribuci\u00f3n Indice de Golpes - SoloReglasGolf","robots":{"index":"index","follow":"follow","max-snippet":"max-snippet:-1","max-image-preview":"max-image-preview:large","max-video-preview":"max-video-preview:-1"},"canonical":"http:\/\/soloreglasgolf.com\/WordPress3\/sistema-handicap-ega-distribucion-indice-de-golpes\/","twitter_misc":{"Tiempo de lectura":"3 minutos"},"schema":{"@context":"https:\/\/schema.org","@graph":[{"@type":"WebPage","@id":"http:\/\/soloreglasgolf.com\/WordPress3\/sistema-handicap-ega-distribucion-indice-de-golpes\/","url":"http:\/\/soloreglasgolf.com\/WordPress3\/sistema-handicap-ega-distribucion-indice-de-golpes\/","name":"Sistema Handicap EGA: Distribuci\u00f3n Indice de Golpes - SoloReglasGolf","isPartOf":{"@id":"http:\/\/soloreglasgolf.com\/WordPress3\/#website"},"datePublished":"2012-01-15T15:37:27+00:00","dateModified":"2013-03-21T12:11:24+00:00","breadcrumb":{"@id":"http:\/\/soloreglasgolf.com\/WordPress3\/sistema-handicap-ega-distribucion-indice-de-golpes\/#breadcrumb"},"inLanguage":"es","potentialAction":[{"@type":"ReadAction","target":["http:\/\/soloreglasgolf.com\/WordPress3\/sistema-handicap-ega-distribucion-indice-de-golpes\/"]}]},{"@type":"BreadcrumbList","@id":"http:\/\/soloreglasgolf.com\/WordPress3\/sistema-handicap-ega-distribucion-indice-de-golpes\/#breadcrumb","itemListElement":[{"@type":"ListItem","position":1,"name":"Portada","item":"http:\/\/soloreglasgolf.com\/WordPress3\/"},{"@type":"ListItem","position":2,"name":"Sistema Handicap EGA: Distribuci\u00f3n Indice de Golpes"}]},{"@type":"WebSite","@id":"http:\/\/soloreglasgolf.com\/WordPress3\/#website","url":"http:\/\/soloreglasgolf.com\/WordPress3\/","name":"SoloReglasGolf","description":"Conversando sobre  Reglas de Golf","potentialAction":[{"@type":"SearchAction","target":{"@type":"EntryPoint","urlTemplate":"http:\/\/soloreglasgolf.com\/WordPress3\/?s={search_term_string}"},"query-input":"required name=search_term_string"}],"inLanguage":"es"}]}},"jetpack_sharing_enabled":true,"jetpack_shortlink":"https:\/\/wp.me\/P36cD2-pc","_links":{"self":[{"href":"http:\/\/soloreglasgolf.com\/WordPress3\/wp-json\/wp\/v2\/pages\/1562","targetHints":{"allow":["GET"]}}],"collection":[{"href":"http:\/\/soloreglasgolf.com\/WordPress3\/wp-json\/wp\/v2\/pages"}],"about":[{"href":"http:\/\/soloreglasgolf.com\/WordPress3\/wp-json\/wp\/v2\/types\/page"}],"author":[{"embeddable":true,"href":"http:\/\/soloreglasgolf.com\/WordPress3\/wp-json\/wp\/v2\/users\/28"}],"replies":[{"embeddable":true,"href":"http:\/\/soloreglasgolf.com\/WordPress3\/wp-json\/wp\/v2\/comments?post=1562"}],"version-history":[{"count":0,"href":"http:\/\/soloreglasgolf.com\/WordPress3\/wp-json\/wp\/v2\/pages\/1562\/revisions"}],"wp:attachment":[{"href":"http:\/\/soloreglasgolf.com\/WordPress3\/wp-json\/wp\/v2\/media?parent=1562"}],"curies":[{"name":"wp","href":"https:\/\/api.w.org\/{rel}","templated":true}]}}