{"id":14460,"date":"2019-01-01T19:12:08","date_gmt":"2019-01-01T18:12:08","guid":{"rendered":"http:\/\/soloreglasgolf.com\/WordPress3\/?page_id=14460"},"modified":"2019-01-01T19:19:50","modified_gmt":"2019-01-01T18:19:50","slug":"regla-01-3-b","status":"publish","type":"page","link":"http:\/\/soloreglasgolf.com\/WordPress3\/reglas-2019\/i_fundamentos_juego\/regla-01\/regla-01-3-b\/","title":{"rendered":"1.3.b. Aplicando las Reglas"},"content":{"rendered":"<p>(1) <strong>El Jugador es Responsable de Aplicar las Reglas<\/strong>.<\/p>\n<p>Es responsabilidad de los jugadores el aplicar las Reglas a ellos mismos:<br \/>\n\u2022 Se espera que los jugadores reconozcan cuando han infringido una Regla y que <strong>sean honestos aplic\u00e1ndose sus propias penalizaciones<\/strong>.<\/p>\n<ul>\n<li>Si un jugador <strong>sabe que ha infringido una Regla<\/strong> que <strong>acarrea una penalizaci\u00f3n<\/strong> y <strong>deliberadamente no se la aplica<\/strong>, est\u00e1 <strong>descalificado<\/strong>.<\/li>\n<li>Si dos o m\u00e1s jugadores deliberadamente<strong> se ponen de acuerdo para ignorar cualquier Regla o penalizaci\u00f3n<\/strong> que saben que se aplica, y cualquiera de esos jugadores ha comenzado la vuelta <strong>est\u00e1n descalificados<\/strong> (incluso si a\u00fan no han actuado de acuerdo a lo acordado).<\/li>\n<\/ul>\n<p>\u2022 Cuando es necesario decidir cuestiones de hecho, un jugador es responsable de considerar, no solo su propio conocimiento de los hechos, sino tambi\u00e9n todo el resto de informaci\u00f3n que est\u00e9 razonablemente disponible.<br \/>\n\u2022 Un jugador puede pedir ayuda sobre las Reglas a un \u00e1rbitro o al Comit\u00e9, pero\u00a0si estos no est\u00e1n disponibles en un tiempo razonable, el jugador debe continuar jugando y plantear la cuesti\u00f3n al \u00e1rbitro o al Comit\u00e9 cuando est\u00e9n\u00a0disponibles (ver Regla 20.1).<\/p>\n<p>(2) <strong>Aceptando el \u00abJuicio Razonable\u00bb del Jugador en la Determinaci\u00f3n de una Ubicaci\u00f3n\u00a0Cuando se Aplican las Reglas.<\/strong><\/p>\n<p>\u2022 Muchas Reglas requieren al jugador a determinar un lugar, punto, l\u00ednea, \u00e1rea\u00a0\u00a0u otra ubicaci\u00f3n bajo las Reglas, tales como:<\/p>\n<ul>\n<li>Estimando el punto por donde una bola cruz\u00f3 por \u00faltima vez el margen de un \u00e1rea de penalizaci\u00f3n.<\/li>\n<li>Estimando o midiendo cuando dropa o coloca una bola al tomar alivio, o<\/li>\n<li>Reponiendo una bola en el punto de reposo original (tanto si el punto es conocido o estimado).<\/li>\n<\/ul>\n<p>\u2022 Tales determinaciones sobre la ubicaci\u00f3n necesitan ser hechas de forma r\u00e1pida y cuidadosa, pero a menudo pueden no ser precisas.<br \/>\n\u2022 Siempre que <strong>el jugador haga lo que razonablemente se puede esperar en tales circunstancias para hacer una determinaci\u00f3n precisa, el juicio razonable del jugador ser\u00e1 aceptado incluso si, despu\u00e9s de que el golpe se ha efectuado, se comprueba que la determinaci\u00f3n es incorrecta<\/strong> por medio del uso del video u otra informaci\u00f3n.<br \/>\n\u2022 Si un jugador advierte una determinaci\u00f3n incorrecta antes de ejecutar el golpe, debe corregirla (ver Regla 14.5)<\/p>\n<p>&nbsp;<\/p>\n<div class=\"g g-2\"><div class=\"g-single a-19\"><script type=\"text\/javascript\"><!--\r\ngoogle_ad_client = \"ca-pub-2363348512557029\";\r\n\/* Blog pagina-post *\/\r\ngoogle_ad_slot = \"1564877784\";\r\ngoogle_ad_width = 728;\r\ngoogle_ad_height = 90;\r\n\/\/-->\r\n<\/script>\r\n<script type=\"text\/javascript\"\r\nsrc=\"http:\/\/pagead2.googlesyndication.com\/pagead\/show_ads.js\">\r\n<\/script><\/div><\/div>\n","protected":false},"excerpt":{"rendered":"<p>(1) El Jugador es Responsable de Aplicar las Reglas. Es responsabilidad de los jugadores el aplicar las Reglas a ellos mismos: \u2022 Se espera que los jugadores reconozcan cuando han infringido una Regla y que sean honestos aplic\u00e1ndose sus propias penalizaciones. Si un jugador sabe que ha infringido una Regla que acarrea una penalizaci\u00f3n y <a href='http:\/\/soloreglasgolf.com\/WordPress3\/reglas-2019\/i_fundamentos_juego\/regla-01\/regla-01-3-b\/' class='excerpt-more'>[Leer + &#8230;]<\/a><\/p>\n","protected":false},"author":28,"featured_media":0,"parent":13263,"menu_order":0,"comment_status":"closed","ping_status":"closed","template":"","meta":{"jetpack_post_was_ever_published":false,"footnotes":""},"class_list":["post-14460","page","type-page","status-publish","hentry","post-seq-1","post-parity-odd","meta-position-corners","fix"],"yoast_head":"<!-- This site is optimized with the Yoast SEO plugin v22.0 - https:\/\/yoast.com\/wordpress\/plugins\/seo\/ -->\n<title>1.3.b. Aplicando las Reglas - SoloReglasGolf<\/title>\n<meta name=\"robots\" content=\"index, follow, max-snippet:-1, max-image-preview:large, max-video-preview:-1\" \/>\n<link rel=\"canonical\" href=\"http:\/\/soloreglasgolf.com\/WordPress3\/reglas-2019\/i_fundamentos_juego\/regla-01\/regla-01-3-b\/\" \/>\n<meta name=\"twitter:label1\" content=\"Tiempo de lectura\" \/>\n\t<meta name=\"twitter:data1\" content=\"2 minutos\" \/>\n<script type=\"application\/ld+json\" class=\"yoast-schema-graph\">{\"@context\":\"https:\/\/schema.org\",\"@graph\":[{\"@type\":\"WebPage\",\"@id\":\"http:\/\/soloreglasgolf.com\/WordPress3\/reglas-2019\/i_fundamentos_juego\/regla-01\/regla-01-3-b\/\",\"url\":\"http:\/\/soloreglasgolf.com\/WordPress3\/reglas-2019\/i_fundamentos_juego\/regla-01\/regla-01-3-b\/\",\"name\":\"1.3.b. Aplicando las Reglas - SoloReglasGolf\",\"isPartOf\":{\"@id\":\"http:\/\/soloreglasgolf.com\/WordPress3\/#website\"},\"datePublished\":\"2019-01-01T18:12:08+00:00\",\"dateModified\":\"2019-01-01T18:19:50+00:00\",\"breadcrumb\":{\"@id\":\"http:\/\/soloreglasgolf.com\/WordPress3\/reglas-2019\/i_fundamentos_juego\/regla-01\/regla-01-3-b\/#breadcrumb\"},\"inLanguage\":\"es\",\"potentialAction\":[{\"@type\":\"ReadAction\",\"target\":[\"http:\/\/soloreglasgolf.com\/WordPress3\/reglas-2019\/i_fundamentos_juego\/regla-01\/regla-01-3-b\/\"]}]},{\"@type\":\"BreadcrumbList\",\"@id\":\"http:\/\/soloreglasgolf.com\/WordPress3\/reglas-2019\/i_fundamentos_juego\/regla-01\/regla-01-3-b\/#breadcrumb\",\"itemListElement\":[{\"@type\":\"ListItem\",\"position\":1,\"name\":\"Portada\",\"item\":\"http:\/\/soloreglasgolf.com\/WordPress3\/\"},{\"@type\":\"ListItem\",\"position\":2,\"name\":\"Reglas 2019\",\"item\":\"http:\/\/soloreglasgolf.com\/WordPress3\/reglas-2019\/\"},{\"@type\":\"ListItem\",\"position\":3,\"name\":\"I. Fundamentos del Juego (Reglas 1-4)\",\"item\":\"http:\/\/soloreglasgolf.com\/WordPress3\/reglas-2019\/i_fundamentos_juego\/\"},{\"@type\":\"ListItem\",\"position\":4,\"name\":\"Regla 1 \u2013 El Juego, la Conducta del Jugador y las Reglas\",\"item\":\"http:\/\/soloreglasgolf.com\/WordPress3\/reglas-2019\/i_fundamentos_juego\/regla-01\/\"},{\"@type\":\"ListItem\",\"position\":5,\"name\":\"1.3.b. Aplicando las Reglas\"}]},{\"@type\":\"WebSite\",\"@id\":\"http:\/\/soloreglasgolf.com\/WordPress3\/#website\",\"url\":\"http:\/\/soloreglasgolf.com\/WordPress3\/\",\"name\":\"SoloReglasGolf\",\"description\":\"Conversando sobre  Reglas de Golf\",\"potentialAction\":[{\"@type\":\"SearchAction\",\"target\":{\"@type\":\"EntryPoint\",\"urlTemplate\":\"http:\/\/soloreglasgolf.com\/WordPress3\/?s={search_term_string}\"},\"query-input\":\"required name=search_term_string\"}],\"inLanguage\":\"es\"}]}<\/script>\n<!-- \/ Yoast SEO plugin. -->","yoast_head_json":{"title":"1.3.b. Aplicando las Reglas - SoloReglasGolf","robots":{"index":"index","follow":"follow","max-snippet":"max-snippet:-1","max-image-preview":"max-image-preview:large","max-video-preview":"max-video-preview:-1"},"canonical":"http:\/\/soloreglasgolf.com\/WordPress3\/reglas-2019\/i_fundamentos_juego\/regla-01\/regla-01-3-b\/","twitter_misc":{"Tiempo de lectura":"2 minutos"},"schema":{"@context":"https:\/\/schema.org","@graph":[{"@type":"WebPage","@id":"http:\/\/soloreglasgolf.com\/WordPress3\/reglas-2019\/i_fundamentos_juego\/regla-01\/regla-01-3-b\/","url":"http:\/\/soloreglasgolf.com\/WordPress3\/reglas-2019\/i_fundamentos_juego\/regla-01\/regla-01-3-b\/","name":"1.3.b. Aplicando las Reglas - SoloReglasGolf","isPartOf":{"@id":"http:\/\/soloreglasgolf.com\/WordPress3\/#website"},"datePublished":"2019-01-01T18:12:08+00:00","dateModified":"2019-01-01T18:19:50+00:00","breadcrumb":{"@id":"http:\/\/soloreglasgolf.com\/WordPress3\/reglas-2019\/i_fundamentos_juego\/regla-01\/regla-01-3-b\/#breadcrumb"},"inLanguage":"es","potentialAction":[{"@type":"ReadAction","target":["http:\/\/soloreglasgolf.com\/WordPress3\/reglas-2019\/i_fundamentos_juego\/regla-01\/regla-01-3-b\/"]}]},{"@type":"BreadcrumbList","@id":"http:\/\/soloreglasgolf.com\/WordPress3\/reglas-2019\/i_fundamentos_juego\/regla-01\/regla-01-3-b\/#breadcrumb","itemListElement":[{"@type":"ListItem","position":1,"name":"Portada","item":"http:\/\/soloreglasgolf.com\/WordPress3\/"},{"@type":"ListItem","position":2,"name":"Reglas 2019","item":"http:\/\/soloreglasgolf.com\/WordPress3\/reglas-2019\/"},{"@type":"ListItem","position":3,"name":"I. Fundamentos del Juego (Reglas 1-4)","item":"http:\/\/soloreglasgolf.com\/WordPress3\/reglas-2019\/i_fundamentos_juego\/"},{"@type":"ListItem","position":4,"name":"Regla 1 \u2013 El Juego, la Conducta del Jugador y las Reglas","item":"http:\/\/soloreglasgolf.com\/WordPress3\/reglas-2019\/i_fundamentos_juego\/regla-01\/"},{"@type":"ListItem","position":5,"name":"1.3.b. Aplicando las Reglas"}]},{"@type":"WebSite","@id":"http:\/\/soloreglasgolf.com\/WordPress3\/#website","url":"http:\/\/soloreglasgolf.com\/WordPress3\/","name":"SoloReglasGolf","description":"Conversando sobre  Reglas de Golf","potentialAction":[{"@type":"SearchAction","target":{"@type":"EntryPoint","urlTemplate":"http:\/\/soloreglasgolf.com\/WordPress3\/?s={search_term_string}"},"query-input":"required name=search_term_string"}],"inLanguage":"es"}]}},"jetpack_sharing_enabled":true,"jetpack_shortlink":"https:\/\/wp.me\/P36cD2-3Le","_links":{"self":[{"href":"http:\/\/soloreglasgolf.com\/WordPress3\/wp-json\/wp\/v2\/pages\/14460","targetHints":{"allow":["GET"]}}],"collection":[{"href":"http:\/\/soloreglasgolf.com\/WordPress3\/wp-json\/wp\/v2\/pages"}],"about":[{"href":"http:\/\/soloreglasgolf.com\/WordPress3\/wp-json\/wp\/v2\/types\/page"}],"author":[{"embeddable":true,"href":"http:\/\/soloreglasgolf.com\/WordPress3\/wp-json\/wp\/v2\/users\/28"}],"replies":[{"embeddable":true,"href":"http:\/\/soloreglasgolf.com\/WordPress3\/wp-json\/wp\/v2\/comments?post=14460"}],"version-history":[{"count":7,"href":"http:\/\/soloreglasgolf.com\/WordPress3\/wp-json\/wp\/v2\/pages\/14460\/revisions"}],"predecessor-version":[{"id":14469,"href":"http:\/\/soloreglasgolf.com\/WordPress3\/wp-json\/wp\/v2\/pages\/14460\/revisions\/14469"}],"up":[{"embeddable":true,"href":"http:\/\/soloreglasgolf.com\/WordPress3\/wp-json\/wp\/v2\/pages\/13263"}],"wp:attachment":[{"href":"http:\/\/soloreglasgolf.com\/WordPress3\/wp-json\/wp\/v2\/media?parent=14460"}],"curies":[{"name":"wp","href":"https:\/\/api.w.org\/{rel}","templated":true}]}}