{"id":14445,"date":"2019-01-01T18:31:57","date_gmt":"2019-01-01T17:31:57","guid":{"rendered":"http:\/\/soloreglasgolf.com\/WordPress3\/?page_id=14445"},"modified":"2021-05-12T22:22:34","modified_gmt":"2021-05-12T20:22:34","slug":"test-reglas-golf-2019-2","status":"publish","type":"page","link":"http:\/\/soloreglasgolf.com\/WordPress3\/test-reglas-golf-2019-2\/","title":{"rendered":"Test Reglas Golf &#8211; Selector"},"content":{"rendered":"<p>&nbsp;<\/p>\n<table>\n<thead>\n<tr>\n<th style=\"border: 1px solid white; text-align: center; color: white; background-color: #d0d1bc;\" colspan=\"1\">\n<h4><span style=\"color: #000000;\">TEST<\/span><\/h4>\n<\/th>\n<th style=\"border: 1px solid white; text-align: center; color: white; background-color: #df7e0e;\" colspan=\"3\">\n<h4><span style=\"color: #ffffff;\">\u00bfN\u00famero de Preguntas?<\/span><\/h4>\n<\/th>\n<\/tr>\n<\/thead>\n<tbody><!-- Aqui empieza linea --><\/p>\n<tr align=\"center\" bgcolor=\"#df7e0e\">\n<td style=\"border: 1px solid white; color: white;\" width=\"290\">\n<h4 style=\"text-align: left;\"><span style=\"color: #ffffff;\"><u>Definiciones<\/u><\/span><\/h4>\n<\/td>\n<td style=\"border: 1px solid white; color: white; background-color: #d0d1bc;\" width=\"70\">\n<h4><a href=\"http:\/\/soloreglasgolf.com\/WordPress3\/test-reglas-golf\/reglas-2019-definiciones-5p\/\"><span style=\"color: #808080;\"><strong><span style=\"color: #000000;\"> 5<\/span><\/strong><\/span><\/a><\/h4>\n<\/td>\n<td style=\"border: 1px solid white; color: white; background-color: #d0d1bc;\" width=\"70\">\n<h4><a href=\"http:\/\/soloreglasgolf.com\/WordPress3\/test-reglas-golf\/reglas-2019-definiciones-10p\/\"><span style=\"color: #808080;\"><span style=\"color: #808080;\"><strong><span style=\"color: #ffffff;\"><span style=\"color: #000000;\"> 10 <\/span><\/span><\/strong><\/span><\/span><\/a><\/h4>\n<\/td>\n<td style=\"border: 1px solid white; color: white; background-color: #d0d1bc;\" width=\"70\">\n<h4><a href=\"http:\/\/soloreglasgolf.com\/WordPress3\/test-reglas-golf\/reglas-2019-definiciones-15p\/\"><span style=\"color: #808080;\"><span style=\"color: #808080;\"><strong><span style=\"color: #ffffff;\"><span style=\"color: #000000;\"> 15 <\/span><\/span><\/strong><\/span><\/span><\/a><\/h4>\n<\/td>\n<\/tr>\n<p><!-- Aqui acaba linea --><!-- Aqui empieza linea --><\/p>\n<tr align=\"center\" bgcolor=\"#df7e0e\">\n<td style=\"border: 1px solid white; color: white;\" width=\"290\">\n<h4 style=\"text-align: left;\"><span style=\"color: #ffffff;\"><u>Reglas B\u00e1sicas<\/u><\/span><\/h4>\n<\/td>\n<td style=\"border: 1px solid white; color: white; background-color: #d0d1bc;\" width=\"70\">\n<h4><a href=\"http:\/\/soloreglasgolf.com\/WordPress3\/test-reglas-golf\/reglas-2019-reglas-basicas-5p\/\"><span style=\"color: #808080;\"><strong><span style=\"color: #000000;\"> 5<\/span><\/strong><\/span><\/a><\/h4>\n<\/td>\n<td style=\"border: 1px solid white; color: white; background-color: #d0d1bc;\" width=\"70\">\n<h4><a href=\"http:\/\/soloreglasgolf.com\/WordPress3\/test-reglas-golf\/global-15p\/\"><span style=\"color: #808080;\"><span style=\"color: #808080;\"><strong><span style=\"color: #ffffff;\"><span style=\"color: #000000;\"> 10 <\/span><\/span><\/strong><\/span><\/span><\/a><\/h4>\n<\/td>\n<td style=\"border: 1px solid white; color: white; background-color: #d0d1bc;\" width=\"70\">\n<h4><a href=\" http:\/\/soloreglasgolf.com\/WordPress3\/global-15p\/\"><span style=\"color: #808080;\"><span style=\"color: #808080;\"><strong><span style=\"color: #ffffff;\"><span style=\"color: #000000;\"> 15 <\/span><\/span><\/strong><\/span><\/span><\/a><\/h4>\n<\/td>\n<\/tr>\n<p><!-- Aqui acaba linea --><\/p>\n<tr align=\"center\" bgcolor=\"#df7e0e\">\n<td style=\"border: 1px solid white; color: white;\" width=\"290\">\n<h4 style=\"text-align: left;\"><span style=\"color: #ffffff;\"><u>Juego por Hoyos-Match Play<\/u><\/span><\/h4>\n<\/td>\n<td style=\"border: 1px solid white; color: white; background-color: #d0d1bc;\" width=\"70\">\n<h4><a href=\"http:\/\/soloreglasgolf.com\/WordPress3\/test-reglas-golf-2019-2\/global-15p-2-2-2\/\"><span style=\"color: #808080;\"><strong><span style=\"color: #000000;\"> 5<\/span><\/strong><\/span><\/a><\/h4>\n<\/td>\n<td style=\"border: 1px solid white; color: white; background-color: #d0d1bc;\" width=\"70\">\n<h4><a href=\"http:\/\/soloreglasgolf.com\/WordPress3\/test-reglas-golf-2019-2\/global-15p-2-2\/\"><span style=\"color: #808080;\"><span style=\"color: #808080;\"><strong><span style=\"color: #ffffff;\"><span style=\"color: #000000;\"> 10 <\/span><\/span><\/strong><\/span><\/span><\/a><\/h4>\n<\/td>\n<td style=\"border: 1px solid white; color: white; background-color: #d0d1bc;\" width=\"70\">\n<h4><a href=\"http:\/\/soloreglasgolf.com\/WordPress3\/test-reglas-golf-2019-2\/global-15p-2\/\"><span style=\"color: #808080;\"><span style=\"color: #808080;\"><strong><span style=\"color: #ffffff;\"><span style=\"color: #000000;\"> 15 <\/span><\/span><\/strong><\/span><\/span><\/a><\/h4>\n<\/td>\n<\/tr>\n<p><!-- Aqui acaba linea --><\/tbody>\n<p><!-- Aqui acaba linea --><\/p>\n<tbody>\n<tr align=\"center\" bgcolor=\"#df7e0e\">\n<td style=\"border: 1px solid white; color: white;\" width=\"290\">\n<h4 style=\"text-align: left;\"><span style=\"color: #ffffff;\"><u>Juego por Golpes-Stroke Play<\/u><\/span><\/h4>\n<\/td>\n<td style=\"border: 1px solid white; color: white; background-color: #d0d1bc;\" width=\"70\">\n<h4><a href=\"http:\/\/soloreglasgolf.com\/WordPress3\/test-reglas-golf-2019-2\/global-15p-2-2-3-2\/\"><span style=\"color: #808080;\"><strong><span style=\"color: #000000;\"> 5<\/span><\/strong><\/span><\/a><\/h4>\n<\/td>\n<td style=\"border: 1px solid white; color: white; background-color: #d0d1bc;\" width=\"70\">\n<h4><a href=\"http:\/\/soloreglasgolf.com\/WordPress3\/test-reglas-golf-2019-2\/global-15p-2-2-3\/\"><span style=\"color: #808080;\"><span style=\"color: #808080;\"><strong><span style=\"color: #ffffff;\"><span style=\"color: #000000;\"> 10 <\/span><\/span><\/strong><\/span><\/span><\/a><\/h4>\n<\/td>\n<td style=\"border: 1px solid white; color: white; background-color: #d0d1bc;\" width=\"70\">\n<h4><a href=\"http:\/\/soloreglasgolf.com\/WordPress3\/test-reglas-golf-2019-2\/global-15p-2-2-3-2-2\/\"><span style=\"color: #808080;\"><span style=\"color: #808080;\"><strong><span style=\"color: #ffffff;\"><span style=\"color: #000000;\"> 15 <\/span><\/span><\/strong><\/span><\/span><\/a><\/h4>\n<\/td>\n<\/tr>\n<p><!-- Aqui acaba linea --><\/p>\n<tr align=\"center\" bgcolor=\"#df7e0e\">\n<td style=\"border: 1px solid white; color: white;\" width=\"290\">\n<h4 style=\"text-align: left;\"><span style=\"color: #ffffff;\"><u>Todas las Reglas<\/u><\/span><\/h4>\n<\/td>\n<td style=\"border: 1px solid white; color: white; background-color: #d0d1bc;\" width=\"70\">\n<h4><a href=\"http:\/\/soloreglasgolf.com\/WordPress3\/global-5p\/\"><span style=\"color: #808080;\"><strong><span style=\"color: #000000;\"> 5<\/span><\/strong><\/span><\/a><\/h4>\n<\/td>\n<td style=\"border: 1px solid white; color: white; background-color: #d0d1bc;\" width=\"70\">\n<h4><a href=\"http:\/\/soloreglasgolf.com\/WordPress3\/global-10p\/\"><span style=\"color: #808080;\"><span style=\"color: #808080;\"><strong><span style=\"color: #ffffff;\"><span style=\"color: #000000;\"> 10 <\/span><\/span><\/strong><\/span><\/span><\/a><\/h4>\n<\/td>\n<td style=\"border: 1px solid white; color: white; background-color: #d0d1bc;\" width=\"70\">\n<h4><a href=\"http:\/\/soloreglasgolf.com\/WordPress3\/global-15p\/\"><span style=\"color: #808080;\"><span style=\"color: #808080;\"><strong><span style=\"color: #ffffff;\"><span style=\"color: #000000;\"> 15 <\/span><\/span><\/strong><\/span><\/span><\/a><\/h4>\n<\/td>\n<\/tr>\n<p><!-- Aqui acaba linea --><\/tbody>\n<\/table>\n<p>.<\/p>\n<p>&nbsp;<\/p>\n<p>NOTA IMPORTANTE: cada vez que repita un test deber\u00eda salir preguntas nuevas. En algunas configuraciones de navegador puede repetir las preguntas.<\/p>\n<p>Para resolverlo es sufiente que recarga la pagina con el boton que est\u00e1 en la barra de direcciones y que normalmente suele ser una flecha parecida a esta: <a href=\"http:\/\/soloreglasgolf.com\/WordPress3\/wp-content\/uploads\/2011\/10\/recargar-pagina.jpg\"><img loading=\"lazy\" decoding=\"async\" class=\"size-full wp-image-12639 aligncenter\" src=\"http:\/\/soloreglasgolf.com\/WordPress3\/wp-content\/uploads\/2011\/10\/recargar-pagina.jpg\" alt=\"recargar pagina\" width=\"48\" height=\"48\" srcset=\"http:\/\/soloreglasgolf.com\/WordPress3\/wp-content\/uploads\/2011\/10\/recargar-pagina.jpg 48w, http:\/\/soloreglasgolf.com\/WordPress3\/wp-content\/uploads\/2011\/10\/recargar-pagina-24x24.jpg 24w, http:\/\/soloreglasgolf.com\/WordPress3\/wp-content\/uploads\/2011\/10\/recargar-pagina-36x36.jpg 36w\" sizes=\"auto, (max-width: 48px) 100vw, 48px\" \/><\/a><\/p>\n<p style=\"text-align: center;\"><div class=\"g g-2\"><div class=\"g-single a-16\"><script type=\"text\/javascript\"><!--\r\ngoogle_ad_client = \"ca-pub-2363348512557029\";\r\n\/* Blog pagina-post *\/\r\ngoogle_ad_slot = \"1564877784\";\r\ngoogle_ad_width = 728;\r\ngoogle_ad_height = 90;\r\n\/\/-->\r\n<\/script>\r\n<script type=\"text\/javascript\"\r\nsrc=\"http:\/\/pagead2.googlesyndication.com\/pagead\/show_ads.js\">\r\n<\/script><\/div><\/div><\/p>\n","protected":false},"excerpt":{"rendered":"<p>&nbsp; TEST \u00bfN\u00famero de Preguntas? Definiciones 5 10 15 Reglas B\u00e1sicas 5 10 15 Juego por Hoyos-Match Play 5 10 15 Juego por Golpes-Stroke Play 5 10 15 Todas las Reglas 5 10 15 . &nbsp; NOTA IMPORTANTE: cada vez que repita un test deber\u00eda salir preguntas nuevas. En algunas configuraciones de navegador puede repetir <a href='http:\/\/soloreglasgolf.com\/WordPress3\/test-reglas-golf-2019-2\/' class='excerpt-more'>[Leer + &#8230;]<\/a><\/p>\n","protected":false},"author":28,"featured_media":0,"parent":0,"menu_order":4,"comment_status":"closed","ping_status":"closed","template":"","meta":{"jetpack_post_was_ever_published":false,"footnotes":""},"class_list":["post-14445","page","type-page","status-publish","hentry","post-seq-1","post-parity-odd","meta-position-corners","fix"],"yoast_head":"<!-- This site is optimized with the Yoast SEO plugin v22.0 - https:\/\/yoast.com\/wordpress\/plugins\/seo\/ -->\n<title>Test Reglas Golf<\/title>\n<meta name=\"description\" content=\"Colecci\u00f3n de Test sobre Reglas de Golf. Test por materias con selecci\u00f3n aleatoria de preguntas. Cada vez haces un test distinto. Dise\u00f1ados para hacerlos desde tu smartphone.\" \/>\n<meta name=\"robots\" content=\"index, follow, max-snippet:-1, max-image-preview:large, max-video-preview:-1\" \/>\n<link rel=\"canonical\" href=\"http:\/\/soloreglasgolf.com\/WordPress3\/test-reglas-golf-2019-2\/\" \/>\n<meta name=\"twitter:label1\" content=\"Tiempo de lectura\" \/>\n\t<meta name=\"twitter:data1\" content=\"1 minuto\" \/>\n<script type=\"application\/ld+json\" class=\"yoast-schema-graph\">{\"@context\":\"https:\/\/schema.org\",\"@graph\":[{\"@type\":\"WebPage\",\"@id\":\"http:\/\/soloreglasgolf.com\/WordPress3\/test-reglas-golf-2019-2\/\",\"url\":\"http:\/\/soloreglasgolf.com\/WordPress3\/test-reglas-golf-2019-2\/\",\"name\":\"Test Reglas Golf\",\"isPartOf\":{\"@id\":\"http:\/\/soloreglasgolf.com\/WordPress3\/#website\"},\"datePublished\":\"2019-01-01T17:31:57+00:00\",\"dateModified\":\"2021-05-12T20:22:34+00:00\",\"description\":\"Colecci\u00f3n de Test sobre Reglas de Golf. Test por materias con selecci\u00f3n aleatoria de preguntas. Cada vez haces un test distinto. Dise\u00f1ados para hacerlos desde tu smartphone.\",\"breadcrumb\":{\"@id\":\"http:\/\/soloreglasgolf.com\/WordPress3\/test-reglas-golf-2019-2\/#breadcrumb\"},\"inLanguage\":\"es\",\"potentialAction\":[{\"@type\":\"ReadAction\",\"target\":[\"http:\/\/soloreglasgolf.com\/WordPress3\/test-reglas-golf-2019-2\/\"]}]},{\"@type\":\"BreadcrumbList\",\"@id\":\"http:\/\/soloreglasgolf.com\/WordPress3\/test-reglas-golf-2019-2\/#breadcrumb\",\"itemListElement\":[{\"@type\":\"ListItem\",\"position\":1,\"name\":\"Portada\",\"item\":\"http:\/\/soloreglasgolf.com\/WordPress3\/\"},{\"@type\":\"ListItem\",\"position\":2,\"name\":\"Test Reglas Golf &#8211; Selector\"}]},{\"@type\":\"WebSite\",\"@id\":\"http:\/\/soloreglasgolf.com\/WordPress3\/#website\",\"url\":\"http:\/\/soloreglasgolf.com\/WordPress3\/\",\"name\":\"SoloReglasGolf\",\"description\":\"Conversando sobre  Reglas de Golf\",\"potentialAction\":[{\"@type\":\"SearchAction\",\"target\":{\"@type\":\"EntryPoint\",\"urlTemplate\":\"http:\/\/soloreglasgolf.com\/WordPress3\/?s={search_term_string}\"},\"query-input\":\"required name=search_term_string\"}],\"inLanguage\":\"es\"}]}<\/script>\n<!-- \/ Yoast SEO plugin. -->","yoast_head_json":{"title":"Test Reglas Golf","description":"Colecci\u00f3n de Test sobre Reglas de Golf. Test por materias con selecci\u00f3n aleatoria de preguntas. Cada vez haces un test distinto. Dise\u00f1ados para hacerlos desde tu smartphone.","robots":{"index":"index","follow":"follow","max-snippet":"max-snippet:-1","max-image-preview":"max-image-preview:large","max-video-preview":"max-video-preview:-1"},"canonical":"http:\/\/soloreglasgolf.com\/WordPress3\/test-reglas-golf-2019-2\/","twitter_misc":{"Tiempo de lectura":"1 minuto"},"schema":{"@context":"https:\/\/schema.org","@graph":[{"@type":"WebPage","@id":"http:\/\/soloreglasgolf.com\/WordPress3\/test-reglas-golf-2019-2\/","url":"http:\/\/soloreglasgolf.com\/WordPress3\/test-reglas-golf-2019-2\/","name":"Test Reglas Golf","isPartOf":{"@id":"http:\/\/soloreglasgolf.com\/WordPress3\/#website"},"datePublished":"2019-01-01T17:31:57+00:00","dateModified":"2021-05-12T20:22:34+00:00","description":"Colecci\u00f3n de Test sobre Reglas de Golf. Test por materias con selecci\u00f3n aleatoria de preguntas. Cada vez haces un test distinto. Dise\u00f1ados para hacerlos desde tu smartphone.","breadcrumb":{"@id":"http:\/\/soloreglasgolf.com\/WordPress3\/test-reglas-golf-2019-2\/#breadcrumb"},"inLanguage":"es","potentialAction":[{"@type":"ReadAction","target":["http:\/\/soloreglasgolf.com\/WordPress3\/test-reglas-golf-2019-2\/"]}]},{"@type":"BreadcrumbList","@id":"http:\/\/soloreglasgolf.com\/WordPress3\/test-reglas-golf-2019-2\/#breadcrumb","itemListElement":[{"@type":"ListItem","position":1,"name":"Portada","item":"http:\/\/soloreglasgolf.com\/WordPress3\/"},{"@type":"ListItem","position":2,"name":"Test Reglas Golf &#8211; Selector"}]},{"@type":"WebSite","@id":"http:\/\/soloreglasgolf.com\/WordPress3\/#website","url":"http:\/\/soloreglasgolf.com\/WordPress3\/","name":"SoloReglasGolf","description":"Conversando sobre  Reglas de Golf","potentialAction":[{"@type":"SearchAction","target":{"@type":"EntryPoint","urlTemplate":"http:\/\/soloreglasgolf.com\/WordPress3\/?s={search_term_string}"},"query-input":"required name=search_term_string"}],"inLanguage":"es"}]}},"jetpack_sharing_enabled":true,"jetpack_shortlink":"https:\/\/wp.me\/P36cD2-3KZ","_links":{"self":[{"href":"http:\/\/soloreglasgolf.com\/WordPress3\/wp-json\/wp\/v2\/pages\/14445","targetHints":{"allow":["GET"]}}],"collection":[{"href":"http:\/\/soloreglasgolf.com\/WordPress3\/wp-json\/wp\/v2\/pages"}],"about":[{"href":"http:\/\/soloreglasgolf.com\/WordPress3\/wp-json\/wp\/v2\/types\/page"}],"author":[{"embeddable":true,"href":"http:\/\/soloreglasgolf.com\/WordPress3\/wp-json\/wp\/v2\/users\/28"}],"replies":[{"embeddable":true,"href":"http:\/\/soloreglasgolf.com\/WordPress3\/wp-json\/wp\/v2\/comments?post=14445"}],"version-history":[{"count":10,"href":"http:\/\/soloreglasgolf.com\/WordPress3\/wp-json\/wp\/v2\/pages\/14445\/revisions"}],"predecessor-version":[{"id":44233,"href":"http:\/\/soloreglasgolf.com\/WordPress3\/wp-json\/wp\/v2\/pages\/14445\/revisions\/44233"}],"wp:attachment":[{"href":"http:\/\/soloreglasgolf.com\/WordPress3\/wp-json\/wp\/v2\/media?parent=14445"}],"curies":[{"name":"wp","href":"https:\/\/api.w.org\/{rel}","templated":true}]}}