{"id":13824,"date":"2018-04-09T17:51:31","date_gmt":"2018-04-09T15:51:31","guid":{"rendered":"http:\/\/soloreglasgolf.com\/WordPress3\/?page_id=13824"},"modified":"2018-04-09T17:53:45","modified_gmt":"2018-04-09T15:53:45","slug":"15-2-bola-marcador-ayuda-interfiere","status":"publish","type":"page","link":"http:\/\/soloreglasgolf.com\/WordPress3\/reglas-2019\/vi-alivio-sin-penalizacion\/regla-15\/15-2-bola-marcador-ayuda-interfiere\/","title":{"rendered":"15.3 Bola o Marcador de Bola Ayudando o Interfiriendo el Juego"},"content":{"rendered":"<p><strong>a. Bola en el Green Que Ayuda al Juego<\/strong><\/p>\n<p>La Regla 15.3a s\u00f3lo se aplica a una bola en reposo en el green y no en ning\u00fan otro lugar en el campo.<br \/>\nSi un jugador cree razonablemente que una bola en el green puede ayudar al juego de cualquier jugador (como sirviendo para detenerla cerca del hoyo) el jugador puede:<br \/>\n\u2022 Marcar el punto de reposo de la bola y levantarla bajo la Regla 13.1b si es suya o, si es de otro jugador, requerir que la marque y la levante (ver Regla 14.1).<br \/>\n\u2022 La bola levantada debe ser repuesta en su punto de reposo original (ver Regla 14.2).<br \/>\nS\u00f3lo en stroke play (juego por golpes):<br \/>\n\u2022 Un jugador al que le piden levantar la bola, en lugar de hacerlo, puede jugarla primero, y<br \/>\n\u2022 Si dos o m\u00e1s jugadores se ponen de acuerdo para dejar una bola en su lugar para ayudar a cualquier jugador y ese jugador posteriormente juega estando la bola que ayuda en su posici\u00f3n, cada jugador que lleg\u00f3 al acuerdo incurre en la penalizaci\u00f3n general (dos golpes de penalizaci\u00f3n).<\/p>\n<div class=\"g g-2\"><div class=\"g-single a-17\"><script type=\"text\/javascript\"><!--\r\ngoogle_ad_client = \"ca-pub-2363348512557029\";\r\n\/* Blog pagina-post *\/\r\ngoogle_ad_slot = \"1564877784\";\r\ngoogle_ad_width = 728;\r\ngoogle_ad_height = 90;\r\n\/\/-->\r\n<\/script>\r\n<script type=\"text\/javascript\"\r\nsrc=\"http:\/\/pagead2.googlesyndication.com\/pagead\/show_ads.js\">\r\n<\/script><\/div><\/div>\n<p><strong> b. Bola en Cualquier \u00c1rea del Campo Que Interfiere en el Juego<\/strong><br \/>\n(1) Significado de Interferencia por la Bola de Otro Jugador. Existe interferencia bajo esta Regla cuando la bola en reposo de otro jugador:<br \/>\n\u2022 Podr\u00eda interferir en el \u00e1rea de swing o \u00e1rea de stance pretendido, o<br \/>\n\u2022 Est\u00e1 sobre o cerca de la l\u00ednea de juego del jugador, de tal forma que, teniendo en cuenta el golpe que pretende hacer el jugador, existe una posibilidad razonable de que la bola en movimiento del jugador la golpee, o<br \/>\n\u2022 Est\u00e1 lo suficientemente cerca como para distraer al jugador en su golpe.<br \/>\n(2) Cu\u00e1ndo Est\u00e1 Permitido el Alivio por Bola que Interfiere. Si un jugador cree razonablemente que una bola en reposo de otro jugador puede interferir en su propio juego:<br \/>\n\u2022 El jugador puede requerir al otro jugador que la marque y la levante (ver Regla 14.1), la bola no debe ser limpiada (excepto cuando sea levantada del green bajo la Regla 13.1b) y debe ser repuesta en su punto de reposo original (ver Regla 14.2).<br \/>\n\u2022 Si el otro jugador no marca el punto de reposo antes de levantar la bola o la limpia cuando no est\u00e1 permitido, incurre en un golpe de penalizaci\u00f3n.<br \/>\n\u2022 S\u00f3lo en stroke play (juego por golpes), un jugador al que le piden levantar su bola, en lugar de hacerlo, puede jugarla primero.<br \/>\nUn jugador no puede levantar su bola bajo esta Regla basado \u00fanicamente en su propia creencia de que podr\u00eda interferir con el juego de otro jugador.<br \/>\nSi el jugador levanta su bola cuando no ha sido requerido a hacerlo por otro jugador (excepto cuando sea levantada del green bajo la Regla 13.1b), el jugador incurre en un golpe de penalizaci\u00f3n.<\/p>\n<div class=\"g g-2\"><div class=\"g-single a-15\"><script type=\"text\/javascript\"><!--\r\ngoogle_ad_client = \"ca-pub-2363348512557029\";\r\n\/* Blog pagina-post *\/\r\ngoogle_ad_slot = \"1564877784\";\r\ngoogle_ad_width = 728;\r\ngoogle_ad_height = 90;\r\n\/\/-->\r\n<\/script>\r\n<script type=\"text\/javascript\"\r\nsrc=\"http:\/\/pagead2.googlesyndication.com\/pagead\/show_ads.js\">\r\n<\/script><\/div><\/div>\n<p><strong>c. Marcador de Bola Ayudando o Interfiriendo en el Juego<\/strong><br \/>\nSi un marcador de bola pudiera ayudar o interferir en el juego, el jugador puede:<br \/>\n\u2022 Mover a otro lugar el marcador de bola si es suyo, o<br \/>\n\u2022 Si el marcador de bola es de otro jugador, requerirle que lo aparte, por la misma raz\u00f3n que le puede exigir levantar una bola bajo las Reglas 15.3a y 15.3b.<br \/>\nEl marcador de bola debe moverse a una nueva posici\u00f3n medida desde la posici\u00f3n original, como usando la longitud de una o m\u00e1s cabezas de palo.<br \/>\nLa bola levantada debe reponerse en su punto de reposo original (ver Regla 14.2) o el marcador de bola para marcar ese punto.<br \/>\nPenalizaci\u00f3n por Infringir Regla 15.3: Penalizaci\u00f3n General.<br \/>\nEsta penalizaci\u00f3n tambi\u00e9n se aplica si el jugador:<br \/>\n\u2022 Ejecuta un golpe sin esperar a que se levante o mueva una bola o marcador de bola que ayuda, despu\u00e9s de darse cuenta de que otro jugador: (1) intent\u00f3 levantarla o moverla de acuerdo con esta Regla o (2) hab\u00eda requerido que otra persona lo hiciera, o<br \/>\n\u2022 Si reh\u00fasa a levantar su bola o mover su marcador de bola cuando es requerido a hacerlo y otro jugador, cuyo juego podr\u00eda haber sido ayudado o interferido, realiza un golpe.<br \/>\nPenalizaci\u00f3n por Jugar Bola Incorrectamente Sustituta o Jugar una Bola desde Lugar Equivocado infringiendo la Regla 15.3: Penalizaci\u00f3n General bajo la Regla 6.3b o 14.7a.<br \/>\nSi m\u00faltiples infracciones a la Regla resultan de un solo acto o actos relacionados, ver Regla 1.3c (4).<\/p>\n<div class=\"g g-2\"><div class=\"g-single a-16\"><script type=\"text\/javascript\"><!--\r\ngoogle_ad_client = \"ca-pub-2363348512557029\";\r\n\/* Blog pagina-post *\/\r\ngoogle_ad_slot = \"1564877784\";\r\ngoogle_ad_width = 728;\r\ngoogle_ad_height = 90;\r\n\/\/-->\r\n<\/script>\r\n<script type=\"text\/javascript\"\r\nsrc=\"http:\/\/pagead2.googlesyndication.com\/pagead\/show_ads.js\">\r\n<\/script><\/div><\/div>\n","protected":false},"excerpt":{"rendered":"<p>a. Bola en el Green Que Ayuda al Juego La Regla 15.3a s\u00f3lo se aplica a una bola en reposo en el green y no en ning\u00fan otro lugar en el campo. Si un jugador cree razonablemente que una bola en el green puede ayudar al juego de cualquier jugador (como sirviendo para detenerla cerca <a href='http:\/\/soloreglasgolf.com\/WordPress3\/reglas-2019\/vi-alivio-sin-penalizacion\/regla-15\/15-2-bola-marcador-ayuda-interfiere\/' class='excerpt-more'>[Leer + &#8230;]<\/a><\/p>\n","protected":false},"author":28,"featured_media":0,"parent":13292,"menu_order":0,"comment_status":"closed","ping_status":"closed","template":"","meta":{"jetpack_post_was_ever_published":false,"footnotes":""},"class_list":["post-13824","page","type-page","status-publish","hentry","post-seq-1","post-parity-odd","meta-position-corners","fix"],"yoast_head":"<!-- This site is optimized with the Yoast SEO plugin v22.0 - https:\/\/yoast.com\/wordpress\/plugins\/seo\/ -->\n<title>15.3 Bola o Marcador de Bola Ayudando o Interfiriendo el Juego - SoloReglasGolf<\/title>\n<meta name=\"robots\" content=\"index, follow, max-snippet:-1, max-image-preview:large, max-video-preview:-1\" \/>\n<link rel=\"canonical\" href=\"https:\/\/soloreglasgolf.com\/WordPress3\/reglas-2019\/vi-alivio-sin-penalizacion\/regla-15\/15-2-bola-marcador-ayuda-interfiere\/\" \/>\n<meta name=\"twitter:label1\" content=\"Tiempo de lectura\" \/>\n\t<meta name=\"twitter:data1\" content=\"4 minutos\" \/>\n<script type=\"application\/ld+json\" class=\"yoast-schema-graph\">{\"@context\":\"https:\/\/schema.org\",\"@graph\":[{\"@type\":\"WebPage\",\"@id\":\"https:\/\/soloreglasgolf.com\/WordPress3\/reglas-2019\/vi-alivio-sin-penalizacion\/regla-15\/15-2-bola-marcador-ayuda-interfiere\/\",\"url\":\"https:\/\/soloreglasgolf.com\/WordPress3\/reglas-2019\/vi-alivio-sin-penalizacion\/regla-15\/15-2-bola-marcador-ayuda-interfiere\/\",\"name\":\"15.3 Bola o Marcador de Bola Ayudando o Interfiriendo el Juego - SoloReglasGolf\",\"isPartOf\":{\"@id\":\"http:\/\/soloreglasgolf.com\/WordPress3\/#website\"},\"datePublished\":\"2018-04-09T15:51:31+00:00\",\"dateModified\":\"2018-04-09T15:53:45+00:00\",\"breadcrumb\":{\"@id\":\"https:\/\/soloreglasgolf.com\/WordPress3\/reglas-2019\/vi-alivio-sin-penalizacion\/regla-15\/15-2-bola-marcador-ayuda-interfiere\/#breadcrumb\"},\"inLanguage\":\"es\",\"potentialAction\":[{\"@type\":\"ReadAction\",\"target\":[\"https:\/\/soloreglasgolf.com\/WordPress3\/reglas-2019\/vi-alivio-sin-penalizacion\/regla-15\/15-2-bola-marcador-ayuda-interfiere\/\"]}]},{\"@type\":\"BreadcrumbList\",\"@id\":\"https:\/\/soloreglasgolf.com\/WordPress3\/reglas-2019\/vi-alivio-sin-penalizacion\/regla-15\/15-2-bola-marcador-ayuda-interfiere\/#breadcrumb\",\"itemListElement\":[{\"@type\":\"ListItem\",\"position\":1,\"name\":\"Portada\",\"item\":\"http:\/\/soloreglasgolf.com\/WordPress3\/\"},{\"@type\":\"ListItem\",\"position\":2,\"name\":\"Reglas 2019\",\"item\":\"http:\/\/soloreglasgolf.com\/WordPress3\/reglas-2019\/\"},{\"@type\":\"ListItem\",\"position\":3,\"name\":\"VI. Alivio Sin Penalizaci\u00f3n\",\"item\":\"https:\/\/soloreglasgolf.com\/WordPress3\/reglas-2019\/vi-alivio-sin-penalizacion\/\"},{\"@type\":\"ListItem\",\"position\":4,\"name\":\"Regla 15 \u2013 Alivio de Objetos Movibles: Impedimentos Sueltos, Obstrucciones Movibles, Bolas que Ayudan o Interfieren en el Juego\",\"item\":\"https:\/\/soloreglasgolf.com\/WordPress3\/reglas-2019\/vi-alivio-sin-penalizacion\/regla-15\/\"},{\"@type\":\"ListItem\",\"position\":5,\"name\":\"15.3 Bola o Marcador de Bola Ayudando o Interfiriendo el Juego\"}]},{\"@type\":\"WebSite\",\"@id\":\"http:\/\/soloreglasgolf.com\/WordPress3\/#website\",\"url\":\"http:\/\/soloreglasgolf.com\/WordPress3\/\",\"name\":\"SoloReglasGolf\",\"description\":\"Conversando sobre  Reglas de Golf\",\"potentialAction\":[{\"@type\":\"SearchAction\",\"target\":{\"@type\":\"EntryPoint\",\"urlTemplate\":\"http:\/\/soloreglasgolf.com\/WordPress3\/?s={search_term_string}\"},\"query-input\":\"required name=search_term_string\"}],\"inLanguage\":\"es\"}]}<\/script>\n<!-- \/ Yoast SEO plugin. -->","yoast_head_json":{"title":"15.3 Bola o Marcador de Bola Ayudando o Interfiriendo el Juego - SoloReglasGolf","robots":{"index":"index","follow":"follow","max-snippet":"max-snippet:-1","max-image-preview":"max-image-preview:large","max-video-preview":"max-video-preview:-1"},"canonical":"https:\/\/soloreglasgolf.com\/WordPress3\/reglas-2019\/vi-alivio-sin-penalizacion\/regla-15\/15-2-bola-marcador-ayuda-interfiere\/","twitter_misc":{"Tiempo de lectura":"4 minutos"},"schema":{"@context":"https:\/\/schema.org","@graph":[{"@type":"WebPage","@id":"https:\/\/soloreglasgolf.com\/WordPress3\/reglas-2019\/vi-alivio-sin-penalizacion\/regla-15\/15-2-bola-marcador-ayuda-interfiere\/","url":"https:\/\/soloreglasgolf.com\/WordPress3\/reglas-2019\/vi-alivio-sin-penalizacion\/regla-15\/15-2-bola-marcador-ayuda-interfiere\/","name":"15.3 Bola o Marcador de Bola Ayudando o Interfiriendo el Juego - SoloReglasGolf","isPartOf":{"@id":"http:\/\/soloreglasgolf.com\/WordPress3\/#website"},"datePublished":"2018-04-09T15:51:31+00:00","dateModified":"2018-04-09T15:53:45+00:00","breadcrumb":{"@id":"https:\/\/soloreglasgolf.com\/WordPress3\/reglas-2019\/vi-alivio-sin-penalizacion\/regla-15\/15-2-bola-marcador-ayuda-interfiere\/#breadcrumb"},"inLanguage":"es","potentialAction":[{"@type":"ReadAction","target":["https:\/\/soloreglasgolf.com\/WordPress3\/reglas-2019\/vi-alivio-sin-penalizacion\/regla-15\/15-2-bola-marcador-ayuda-interfiere\/"]}]},{"@type":"BreadcrumbList","@id":"https:\/\/soloreglasgolf.com\/WordPress3\/reglas-2019\/vi-alivio-sin-penalizacion\/regla-15\/15-2-bola-marcador-ayuda-interfiere\/#breadcrumb","itemListElement":[{"@type":"ListItem","position":1,"name":"Portada","item":"http:\/\/soloreglasgolf.com\/WordPress3\/"},{"@type":"ListItem","position":2,"name":"Reglas 2019","item":"http:\/\/soloreglasgolf.com\/WordPress3\/reglas-2019\/"},{"@type":"ListItem","position":3,"name":"VI. Alivio Sin Penalizaci\u00f3n","item":"https:\/\/soloreglasgolf.com\/WordPress3\/reglas-2019\/vi-alivio-sin-penalizacion\/"},{"@type":"ListItem","position":4,"name":"Regla 15 \u2013 Alivio de Objetos Movibles: Impedimentos Sueltos, Obstrucciones Movibles, Bolas que Ayudan o Interfieren en el Juego","item":"https:\/\/soloreglasgolf.com\/WordPress3\/reglas-2019\/vi-alivio-sin-penalizacion\/regla-15\/"},{"@type":"ListItem","position":5,"name":"15.3 Bola o Marcador de Bola Ayudando o Interfiriendo el Juego"}]},{"@type":"WebSite","@id":"http:\/\/soloreglasgolf.com\/WordPress3\/#website","url":"http:\/\/soloreglasgolf.com\/WordPress3\/","name":"SoloReglasGolf","description":"Conversando sobre  Reglas de Golf","potentialAction":[{"@type":"SearchAction","target":{"@type":"EntryPoint","urlTemplate":"http:\/\/soloreglasgolf.com\/WordPress3\/?s={search_term_string}"},"query-input":"required name=search_term_string"}],"inLanguage":"es"}]}},"jetpack_sharing_enabled":true,"jetpack_shortlink":"https:\/\/wp.me\/P36cD2-3AY","_links":{"self":[{"href":"http:\/\/soloreglasgolf.com\/WordPress3\/wp-json\/wp\/v2\/pages\/13824","targetHints":{"allow":["GET"]}}],"collection":[{"href":"http:\/\/soloreglasgolf.com\/WordPress3\/wp-json\/wp\/v2\/pages"}],"about":[{"href":"http:\/\/soloreglasgolf.com\/WordPress3\/wp-json\/wp\/v2\/types\/page"}],"author":[{"embeddable":true,"href":"http:\/\/soloreglasgolf.com\/WordPress3\/wp-json\/wp\/v2\/users\/28"}],"replies":[{"embeddable":true,"href":"http:\/\/soloreglasgolf.com\/WordPress3\/wp-json\/wp\/v2\/comments?post=13824"}],"version-history":[{"count":4,"href":"http:\/\/soloreglasgolf.com\/WordPress3\/wp-json\/wp\/v2\/pages\/13824\/revisions"}],"predecessor-version":[{"id":13828,"href":"http:\/\/soloreglasgolf.com\/WordPress3\/wp-json\/wp\/v2\/pages\/13824\/revisions\/13828"}],"up":[{"embeddable":true,"href":"http:\/\/soloreglasgolf.com\/WordPress3\/wp-json\/wp\/v2\/pages\/13292"}],"wp:attachment":[{"href":"http:\/\/soloreglasgolf.com\/WordPress3\/wp-json\/wp\/v2\/media?parent=13824"}],"curies":[{"name":"wp","href":"https:\/\/api.w.org\/{rel}","templated":true}]}}