{"id":13611,"date":"2018-04-07T19:42:05","date_gmt":"2018-04-07T17:42:05","guid":{"rendered":"http:\/\/soloreglasgolf.com\/WordPress3\/?page_id=13611"},"modified":"2018-04-08T10:55:57","modified_gmt":"2018-04-08T08:55:57","slug":"13-1-acciones-permitidas-y-requeridas-en-el-green","status":"publish","type":"page","link":"http:\/\/soloreglasgolf.com\/WordPress3\/reglas-2019\/iv-reglas-especiales-para-bunkers-y-greens\/regla-13\/13-1-acciones-permitidas-y-requeridas-en-el-green\/","title":{"rendered":"13.1 Acciones Permitidas y Requeridas en el Green"},"content":{"rendered":"<p><strong>Prop\u00f3sito:<\/strong> Esta Regla permite al jugador <strong>hacer cosas en el green que no son normalmente permitidas<\/strong> fuera del mismo, tales como marcar, levantar, limpiar y reponer la bola, reparar da\u00f1os y quitar arena y tierra suelta. <strong>No hay penalizaci\u00f3n por causar accidentalmente el movimiento de la bola o marcador de bola en el green.<\/strong><\/p>\n<p><strong> a. Cu\u00e1ndo Est\u00e1 la Bola en el Green<\/strong><br \/>\nUna bola est\u00e1 en el green cuando cualquier parte de la misma:<\/p>\n<ul>\n<li>Toca el green, o<\/li>\n<li>Reposa sobre o en cualquier cosa (como un impedimento suelto o una obstrucci\u00f3n) que se encuentra dentro de los m\u00e1rgenes del green.<\/li>\n<\/ul>\n<p>Si parte de una bola est\u00e1 de forma simult\u00e1nea en el green y en otra \u00e1rea del campo, ver Regla 2.2c.<\/p>\n<p><strong>b. Marcando, Levantando y Limpiando la Bola en el Green<\/strong><br \/>\nUna bola que est\u00e1 en el green puede ser levantada y limpiada (ver Regla 14.1).<br \/>\nEl punto de reposo de la bola debe ser marcado antes de ser levantada y la bola debe ser repuesta en su punto de reposo original (ver Regla 14.2).<\/p>\n<p><strong>c. Mejoras Permitidas en el Green<\/strong><br \/>\nDurante una vuelta y mientras que el juego est\u00e1 interrumpido bajo la Regla 5.7a, un jugador puede llevar a cabo estas dos acciones en el green, tanto cuando la bola est\u00e1 dentro o fuera del green:<br \/>\n<strong>(1)<\/strong> <strong>Quitar Arena y Tierra Suelta<\/strong>. La arena y la tierra suelta del green (pero no en ninguna otra parte del campo) pueden ser quitadas sin penalizaci\u00f3n.<br \/>\n<strong>(2)<\/strong> <strong>Reparar Da\u00f1os<\/strong>. Un jugador puede reparar da\u00f1os en el green sin penalizaci\u00f3n, mediante acciones razonables para restaurar el green tanto como sea posible a su estado original, pero s\u00f3lo:<\/p>\n<ul>\n<li>Usando la mano, pie u otra parte del cuerpo, un arregla piques normal, un tee, palo u otro objeto similar del equipamiento, y<\/li>\n<li>Sin demorar irrazonablemente el juego (ver Regla 5.6a)<\/li>\n<\/ul>\n<p>Pero si el jugador mejora el green mediante acciones que exceden lo razonable al restaurarlo a su condici\u00f3n original (como crear una senda o camino hacia el hoyo), el jugador incurre en la penalizaci\u00f3n general por infringir la Regla 8.1a.<br \/>\n\u201c<strong>Da\u00f1os en el green\u201d<\/strong> incluyen cualquier da\u00f1o causado por una persona o influencia externa, como:<\/p>\n<ul>\n<li><strong>Piques de bola<\/strong>, da\u00f1os hechos por zapatos (como marcas de clavos) y rasgu\u00f1os o depresiones hechas por el equipamiento o el asta de la bandera,<\/li>\n<li><strong>Tapones de hoyo antiguos<\/strong>, tapones de c\u00e9sped, juntas de piezas de c\u00e9sped y rasgu\u00f1os o depresiones hechos por maquinaria o veh\u00edculos de mantenimiento,<\/li>\n<li>Huellas o marcas de pezu\u00f1a de animales, y<\/li>\n<li>\u00a0<strong>Objetos empotrados<\/strong> (como una piedra, bellota o tee).<\/li>\n<\/ul>\n<p>Pero \u201cda\u00f1os en el green\u201d <strong>no incluyen<\/strong> cualquier da\u00f1o o condici\u00f3n que resulta de:<\/p>\n<ul>\n<li>Acciones normales llevadas a cabo para el mantenimiento del green (tales como agujeros de aireaci\u00f3n y ranuras de corte vertical),<\/li>\n<li>Riego, lluvia u otras fuerzas naturales,<\/li>\n<li>Imperfecciones naturales de la superficie (como malas hierbas o \u00e1reas sin c\u00e9sped, enfermas o de crecimiento desigual), o<\/li>\n<li>Desgaste natural del hoyo.<\/li>\n<\/ul>\n<p><strong>d. Cuando la Bola o el Marcador de Bola se Mueve en el Green<\/strong><br \/>\nHay dos Reglas espec\u00edficas para una bola o un marcador de bola que se mueven en el green.<br \/>\n<strong>(1)<\/strong> No Hay Penalizaci\u00f3n por Mover Accidentalmente la Bola: No hay penalizaci\u00f3n si el jugador, un contrario u otro jugador en stroke play (juego por golpes), mueve accidentalmente la bola o marcador de bola del jugador en el green.<br \/>\nEl jugador debe:<\/p>\n<ul>\n<li>Reponer la bola en su punto de reposo original (si no se conoce se estima) (ver Regla 14.2), o<\/li>\n<li>Colocar un marcador de bola para marcar el punto de reposo original.<\/li>\n<\/ul>\n<p><strong>Excepci\u00f3n<\/strong> \u2013 La Bola Debe Ser Jugada como Reposa Cuando la Bola Comienza a Moverse Durante el Backswing (Subida del Palo) o el Golpe y el Golpe se Ejecuta (ver Regla 9.1b)<br \/>\nSi el jugador o el contrario levantan deliberadamente la bola o marcador de bola del jugador en el green, ver Regla 9.4 o 9.5 para averiguar si hay penalizaci\u00f3n.<\/p>\n<p><strong>(2)<\/strong> Cu\u00e1ndo Hay que <strong>Reponer Una Bola Movida por Fuerzas Naturales<\/strong>. Si la causa del movimiento de la bola del jugador en el green son fuerzas naturales, el punto desde donde el jugador debe jugar el siguiente golpe depende de si la bola ya hab\u00eda sido levantada y repuesta en su posici\u00f3n original:<\/p>\n<ul>\n<li>Bola Ya Levantada y Repuesta. La bola debe reponerse en su punto de reposo original (si no se conoce se estima) (ver Regla 14.2), aunque la causa del movimiento fueran fuerzas naturales y no el jugador, el contrario o una influencia externa (Regla 9.3, Excepci\u00f3n).<\/li>\n<li>Bola No Levantada y Repuesta. La bola debe jugarse desde su nuevo punto de reposo (ver Regla 9.3)<\/li>\n<\/ul>\n<p><strong>e. Prohibido Probar el Green de Forma Deliberada.<\/strong><br \/>\nDurante una vuelta y mientras el juego est\u00e1 interrumpido bajo la Regla 5.7a, un jugador no debe emprender deliberadamente ninguna de estas acciones para probar el green o un green equivocado:<\/p>\n<ul>\n<li>Frotar la superficie, o<\/li>\n<li>Rodar una bola.<\/li>\n<\/ul>\n<p>Excepci\u00f3n \u2013 Probando Greens Entre El Juego de Dos Hoyos: Entre el juego de dos hoyos un jugador puede frotar la superficie o rodar una bola en el green del hoyo que acaba de terminar y en cualquier green de pr\u00e1ctica (ver Regla 5.5b).<br \/>\nV\u00e9ase Procedimientos del Comit\u00e9, Secci\u00f3n__ (el Comit\u00e9 puede adoptar una Regla Local prohibiendo que un jugador haga rodar una bola en el green del hoyo que acaba de completar).<\/p>\n<p><strong>f. Alivio Obligatorio de un Green Equivocado<\/strong><\/p>\n<p><strong> (1)<\/strong> Significado de <strong>Interferencia por Green Equivocado<\/strong>. Existe interferencia bajo esta Regla cuando:<\/p>\n<ul>\n<li>Cualquier parte de la bola del jugador toca un green equivocado o reposa sobre o en cualquier cosa (como un impedimento suelto o una obstrucci\u00f3n) que se encuentra dentro de los m\u00e1rgenes del green, o<\/li>\n<li>\u00a0Un green equivocado interfiere f\u00edsicamente en el \u00e1rea de swing o del stance pretendido por el jugador.<\/li>\n<\/ul>\n<p><strong>(2)<\/strong> <strong>Obligatorio Aliviarse<\/strong>. Cuando existe interferencia de un green equivocado, un jugador no debe jugar la bola como reposa.<br \/>\nEl jugador debe aliviarse sin penalizaci\u00f3n, dropando la bola original u otra bola en la siguiente \u00e1rea de alivio (ver Regla 14.3):<\/p>\n<ul>\n<li>Punto de Referencia: El punto m\u00e1s cercano de alivio total en el \u00e1rea general.<\/li>\n<li>\u00a0Tama\u00f1o del \u00c1rea de Alivio Medido desde el Punto de Referencia: La longitud de un palo, pero con las siguientes limitaciones:\u00a0Limitaciones de la Ubicaci\u00f3n del \u00c1rea de Alivio:\n<ul>\n<li>Debe estar en el \u00e1rea general,<\/li>\n<li>No m\u00e1s cerca del hoyo que el punto de referencia, y<\/li>\n<li>Debe haber alivio total de toda la interferencia del green equivocado.<\/li>\n<\/ul>\n<\/li>\n<\/ul>\n<p><strong>(3)<\/strong> <strong>No Hay Alivio Cuando es Claramente Irrazonable<\/strong>. No hay alivio bajo la Regla 13.1f cuando s\u00f3lo existe interferencia porque el jugador elige un palo, tipo de stance o swing o direcci\u00f3n de juego que son claramente irrazonables en las circunstancias existentes.<\/p>\n<p>V\u00e9ase Procedimientos del Comit\u00e9, Secci\u00f3n__ (el Comit\u00e9 puede adoptar una Regla Local negando el alivio de un green equivocado que s\u00f3lo interfiere con el \u00e1rea de stance pretendido).<\/p>\n<p>Penalizaci\u00f3n por Jugar Bola Incorrectamente Sustituta o Jugar una Bola desde Lugar Equivocado infringiendo la Regla 13.1: Penalizaci\u00f3n General bajo la Regla 6.3b o 14.7a.<br \/>\nSi m\u00faltiples infracciones resultan de un solo acto o actos relacionados, ver Regla 1.3c (4).<\/p>\n<div class=\"g g-2\"><div class=\"g-single a-19\"><script type=\"text\/javascript\"><!--\r\ngoogle_ad_client = \"ca-pub-2363348512557029\";\r\n\/* Blog pagina-post *\/\r\ngoogle_ad_slot = \"1564877784\";\r\ngoogle_ad_width = 728;\r\ngoogle_ad_height = 90;\r\n\/\/-->\r\n<\/script>\r\n<script type=\"text\/javascript\"\r\nsrc=\"http:\/\/pagead2.googlesyndication.com\/pagead\/show_ads.js\">\r\n<\/script><\/div><\/div>\n","protected":false},"excerpt":{"rendered":"<p>Prop\u00f3sito: Esta Regla permite al jugador hacer cosas en el green que no son normalmente permitidas fuera del mismo, tales como marcar, levantar, limpiar y reponer la bola, reparar da\u00f1os y quitar arena y tierra suelta. No hay penalizaci\u00f3n por causar accidentalmente el movimiento de la bola o marcador de bola en el green. a. <a href='http:\/\/soloreglasgolf.com\/WordPress3\/reglas-2019\/iv-reglas-especiales-para-bunkers-y-greens\/regla-13\/13-1-acciones-permitidas-y-requeridas-en-el-green\/' class='excerpt-more'>[Leer + &#8230;]<\/a><\/p>\n","protected":false},"author":28,"featured_media":0,"parent":13288,"menu_order":0,"comment_status":"closed","ping_status":"closed","template":"","meta":{"jetpack_post_was_ever_published":false,"footnotes":""},"class_list":["post-13611","page","type-page","status-publish","hentry","post-seq-1","post-parity-odd","meta-position-corners","fix"],"yoast_head":"<!-- This site is optimized with the Yoast SEO plugin v22.0 - https:\/\/yoast.com\/wordpress\/plugins\/seo\/ -->\n<title>13.1 Acciones Permitidas y Requeridas en el Green - SoloReglasGolf<\/title>\n<meta name=\"robots\" content=\"index, follow, max-snippet:-1, max-image-preview:large, max-video-preview:-1\" \/>\n<link rel=\"canonical\" href=\"http:\/\/soloreglasgolf.com\/WordPress3\/reglas-2019\/iv-reglas-especiales-para-bunkers-y-greens\/regla-13\/13-1-acciones-permitidas-y-requeridas-en-el-green\/\" \/>\n<meta name=\"twitter:label1\" content=\"Tiempo de lectura\" \/>\n\t<meta name=\"twitter:data1\" content=\"6 minutos\" \/>\n<script type=\"application\/ld+json\" class=\"yoast-schema-graph\">{\"@context\":\"https:\/\/schema.org\",\"@graph\":[{\"@type\":\"WebPage\",\"@id\":\"http:\/\/soloreglasgolf.com\/WordPress3\/reglas-2019\/iv-reglas-especiales-para-bunkers-y-greens\/regla-13\/13-1-acciones-permitidas-y-requeridas-en-el-green\/\",\"url\":\"http:\/\/soloreglasgolf.com\/WordPress3\/reglas-2019\/iv-reglas-especiales-para-bunkers-y-greens\/regla-13\/13-1-acciones-permitidas-y-requeridas-en-el-green\/\",\"name\":\"13.1 Acciones Permitidas y Requeridas en el Green - SoloReglasGolf\",\"isPartOf\":{\"@id\":\"http:\/\/soloreglasgolf.com\/WordPress3\/#website\"},\"datePublished\":\"2018-04-07T17:42:05+00:00\",\"dateModified\":\"2018-04-08T08:55:57+00:00\",\"breadcrumb\":{\"@id\":\"http:\/\/soloreglasgolf.com\/WordPress3\/reglas-2019\/iv-reglas-especiales-para-bunkers-y-greens\/regla-13\/13-1-acciones-permitidas-y-requeridas-en-el-green\/#breadcrumb\"},\"inLanguage\":\"es\",\"potentialAction\":[{\"@type\":\"ReadAction\",\"target\":[\"http:\/\/soloreglasgolf.com\/WordPress3\/reglas-2019\/iv-reglas-especiales-para-bunkers-y-greens\/regla-13\/13-1-acciones-permitidas-y-requeridas-en-el-green\/\"]}]},{\"@type\":\"BreadcrumbList\",\"@id\":\"http:\/\/soloreglasgolf.com\/WordPress3\/reglas-2019\/iv-reglas-especiales-para-bunkers-y-greens\/regla-13\/13-1-acciones-permitidas-y-requeridas-en-el-green\/#breadcrumb\",\"itemListElement\":[{\"@type\":\"ListItem\",\"position\":1,\"name\":\"Portada\",\"item\":\"http:\/\/soloreglasgolf.com\/WordPress3\/\"},{\"@type\":\"ListItem\",\"position\":2,\"name\":\"Reglas 2019\",\"item\":\"http:\/\/soloreglasgolf.com\/WordPress3\/reglas-2019\/\"},{\"@type\":\"ListItem\",\"position\":3,\"name\":\"IV. Reglas Especiales para Bunkers y Greens\",\"item\":\"http:\/\/soloreglasgolf.com\/WordPress3\/reglas-2019\/iv-reglas-especiales-para-bunkers-y-greens\/\"},{\"@type\":\"ListItem\",\"position\":4,\"name\":\"Regla 13 \u2013 El Green\",\"item\":\"http:\/\/soloreglasgolf.com\/WordPress3\/reglas-2019\/iv-reglas-especiales-para-bunkers-y-greens\/regla-13\/\"},{\"@type\":\"ListItem\",\"position\":5,\"name\":\"13.1 Acciones Permitidas y Requeridas en el Green\"}]},{\"@type\":\"WebSite\",\"@id\":\"http:\/\/soloreglasgolf.com\/WordPress3\/#website\",\"url\":\"http:\/\/soloreglasgolf.com\/WordPress3\/\",\"name\":\"SoloReglasGolf\",\"description\":\"Conversando sobre  Reglas de Golf\",\"potentialAction\":[{\"@type\":\"SearchAction\",\"target\":{\"@type\":\"EntryPoint\",\"urlTemplate\":\"http:\/\/soloreglasgolf.com\/WordPress3\/?s={search_term_string}\"},\"query-input\":\"required name=search_term_string\"}],\"inLanguage\":\"es\"}]}<\/script>\n<!-- \/ Yoast SEO plugin. -->","yoast_head_json":{"title":"13.1 Acciones Permitidas y Requeridas en el Green - SoloReglasGolf","robots":{"index":"index","follow":"follow","max-snippet":"max-snippet:-1","max-image-preview":"max-image-preview:large","max-video-preview":"max-video-preview:-1"},"canonical":"http:\/\/soloreglasgolf.com\/WordPress3\/reglas-2019\/iv-reglas-especiales-para-bunkers-y-greens\/regla-13\/13-1-acciones-permitidas-y-requeridas-en-el-green\/","twitter_misc":{"Tiempo de lectura":"6 minutos"},"schema":{"@context":"https:\/\/schema.org","@graph":[{"@type":"WebPage","@id":"http:\/\/soloreglasgolf.com\/WordPress3\/reglas-2019\/iv-reglas-especiales-para-bunkers-y-greens\/regla-13\/13-1-acciones-permitidas-y-requeridas-en-el-green\/","url":"http:\/\/soloreglasgolf.com\/WordPress3\/reglas-2019\/iv-reglas-especiales-para-bunkers-y-greens\/regla-13\/13-1-acciones-permitidas-y-requeridas-en-el-green\/","name":"13.1 Acciones Permitidas y Requeridas en el Green - SoloReglasGolf","isPartOf":{"@id":"http:\/\/soloreglasgolf.com\/WordPress3\/#website"},"datePublished":"2018-04-07T17:42:05+00:00","dateModified":"2018-04-08T08:55:57+00:00","breadcrumb":{"@id":"http:\/\/soloreglasgolf.com\/WordPress3\/reglas-2019\/iv-reglas-especiales-para-bunkers-y-greens\/regla-13\/13-1-acciones-permitidas-y-requeridas-en-el-green\/#breadcrumb"},"inLanguage":"es","potentialAction":[{"@type":"ReadAction","target":["http:\/\/soloreglasgolf.com\/WordPress3\/reglas-2019\/iv-reglas-especiales-para-bunkers-y-greens\/regla-13\/13-1-acciones-permitidas-y-requeridas-en-el-green\/"]}]},{"@type":"BreadcrumbList","@id":"http:\/\/soloreglasgolf.com\/WordPress3\/reglas-2019\/iv-reglas-especiales-para-bunkers-y-greens\/regla-13\/13-1-acciones-permitidas-y-requeridas-en-el-green\/#breadcrumb","itemListElement":[{"@type":"ListItem","position":1,"name":"Portada","item":"http:\/\/soloreglasgolf.com\/WordPress3\/"},{"@type":"ListItem","position":2,"name":"Reglas 2019","item":"http:\/\/soloreglasgolf.com\/WordPress3\/reglas-2019\/"},{"@type":"ListItem","position":3,"name":"IV. Reglas Especiales para Bunkers y Greens","item":"http:\/\/soloreglasgolf.com\/WordPress3\/reglas-2019\/iv-reglas-especiales-para-bunkers-y-greens\/"},{"@type":"ListItem","position":4,"name":"Regla 13 \u2013 El Green","item":"http:\/\/soloreglasgolf.com\/WordPress3\/reglas-2019\/iv-reglas-especiales-para-bunkers-y-greens\/regla-13\/"},{"@type":"ListItem","position":5,"name":"13.1 Acciones Permitidas y Requeridas en el Green"}]},{"@type":"WebSite","@id":"http:\/\/soloreglasgolf.com\/WordPress3\/#website","url":"http:\/\/soloreglasgolf.com\/WordPress3\/","name":"SoloReglasGolf","description":"Conversando sobre  Reglas de Golf","potentialAction":[{"@type":"SearchAction","target":{"@type":"EntryPoint","urlTemplate":"http:\/\/soloreglasgolf.com\/WordPress3\/?s={search_term_string}"},"query-input":"required name=search_term_string"}],"inLanguage":"es"}]}},"jetpack_sharing_enabled":true,"jetpack_shortlink":"https:\/\/wp.me\/P36cD2-3xx","_links":{"self":[{"href":"http:\/\/soloreglasgolf.com\/WordPress3\/wp-json\/wp\/v2\/pages\/13611","targetHints":{"allow":["GET"]}}],"collection":[{"href":"http:\/\/soloreglasgolf.com\/WordPress3\/wp-json\/wp\/v2\/pages"}],"about":[{"href":"http:\/\/soloreglasgolf.com\/WordPress3\/wp-json\/wp\/v2\/types\/page"}],"author":[{"embeddable":true,"href":"http:\/\/soloreglasgolf.com\/WordPress3\/wp-json\/wp\/v2\/users\/28"}],"replies":[{"embeddable":true,"href":"http:\/\/soloreglasgolf.com\/WordPress3\/wp-json\/wp\/v2\/comments?post=13611"}],"version-history":[{"count":9,"href":"http:\/\/soloreglasgolf.com\/WordPress3\/wp-json\/wp\/v2\/pages\/13611\/revisions"}],"predecessor-version":[{"id":13685,"href":"http:\/\/soloreglasgolf.com\/WordPress3\/wp-json\/wp\/v2\/pages\/13611\/revisions\/13685"}],"up":[{"embeddable":true,"href":"http:\/\/soloreglasgolf.com\/WordPress3\/wp-json\/wp\/v2\/pages\/13288"}],"wp:attachment":[{"href":"http:\/\/soloreglasgolf.com\/WordPress3\/wp-json\/wp\/v2\/media?parent=13611"}],"curies":[{"name":"wp","href":"https:\/\/api.w.org\/{rel}","templated":true}]}}