{"id":13292,"date":"2018-03-17T22:24:47","date_gmt":"2018-03-17T21:24:47","guid":{"rendered":"http:\/\/soloreglasgolf.com\/WordPress3\/?page_id=13292"},"modified":"2021-05-13T22:11:29","modified_gmt":"2021-05-13T20:11:29","slug":"regla-15","status":"publish","type":"page","link":"http:\/\/soloreglasgolf.com\/WordPress3\/reglas-2019\/vi-alivio-sin-penalizacion\/regla-15\/","title":{"rendered":"Regla 15 \u2013 Alivio de Objetos Movibles: Impedimentos Sueltos, Obstrucciones Movibles, Bolas que Ayudan o Interfieren en el Juego"},"content":{"rendered":"<p><strong>Prop\u00f3sito:<\/strong> La Regla 15 cubre cu\u00e1ndo y c\u00f3mo el jugador se puede aliviar sin penalizaci\u00f3n de<a href=\"http:\/\/soloreglasgolf.com\/WordPress3\/definiciones-2019-2022\/impedimento-suelto\/\"> impedimentos sueltos<\/a> y <a href=\"http:\/\/soloreglasgolf.com\/WordPress3\/definiciones-2019-2022\/obstruccion-movible\/\">obstrucciones movibles<\/a>.<\/p>\n<ul>\n<li>Estos objetos naturales y artificiales movibles<strong> no forman parte del desaf\u00edo de jugar el campo<\/strong> y un jugador est\u00e1 normalmente autorizado a quitarlos cuando interfieren con el juego.<\/li>\n<li>Pero el jugador tiene que ser cuidadoso al mover impedimentos sueltos cerca de su bola fuera del green, porque tendr\u00e1 penalizaci\u00f3n si al quitarlos causa que se mueva la bola<\/li>\n<\/ul>\n<p><a href=\"http:\/\/soloreglasgolf.com\/WordPress3\/reglas-2019\/vi-alivio-sin-penalizacion\/regla-15\/15-1-impedimentos-sueltos\/\">15.1 Impedimentos Sueltos<\/a><\/p>\n<p><a href=\"http:\/\/soloreglasgolf.com\/WordPress3\/reglas-2019\/vi-alivio-sin-penalizacion\/regla-15\/15-2-obstrucciones-movibles\/\">15.2 Obstrucciones Movibles<\/a><\/p>\n<p><a href=\"http:\/\/soloreglasgolf.com\/WordPress3\/reglas-2019\/vi-alivio-sin-penalizacion\/regla-15\/15-2-bola-marcador-ayuda-interfiere\/\">15.3 Bola o Marcador de Bola Ayudando o Interfiriendo el Juego<\/a><\/p>\n","protected":false},"excerpt":{"rendered":"<p>Prop\u00f3sito: La Regla 15 cubre cu\u00e1ndo y c\u00f3mo el jugador se puede aliviar sin penalizaci\u00f3n de impedimentos sueltos y obstrucciones movibles. Estos objetos naturales y artificiales movibles no forman parte del desaf\u00edo de jugar el campo y un jugador est\u00e1 normalmente autorizado a quitarlos cuando interfieren con el juego. Pero el jugador tiene que ser <a href='http:\/\/soloreglasgolf.com\/WordPress3\/reglas-2019\/vi-alivio-sin-penalizacion\/regla-15\/' class='excerpt-more'>[Leer + &#8230;]<\/a><\/p>\n","protected":false},"author":28,"featured_media":0,"parent":44203,"menu_order":15,"comment_status":"closed","ping_status":"closed","template":"","meta":{"jetpack_post_was_ever_published":false,"footnotes":""},"class_list":["post-13292","page","type-page","status-publish","hentry","post-seq-1","post-parity-odd","meta-position-corners","fix"],"yoast_head":"<!-- This site is optimized with the Yoast SEO plugin v22.0 - https:\/\/yoast.com\/wordpress\/plugins\/seo\/ -->\n<title>Regla 15 \u2013 Alivio de Objetos Movibles: Impedimentos Sueltos, Obstrucciones Movibles, Bolas que Ayudan o Interfieren en el Juego - SoloReglasGolf<\/title>\n<meta name=\"robots\" content=\"index, follow, max-snippet:-1, max-image-preview:large, max-video-preview:-1\" \/>\n<link rel=\"canonical\" href=\"https:\/\/soloreglasgolf.com\/WordPress3\/reglas-2019\/vi-alivio-sin-penalizacion\/regla-15\/\" \/>\n<meta name=\"twitter:label1\" content=\"Tiempo de lectura\" \/>\n\t<meta name=\"twitter:data1\" content=\"1 minuto\" \/>\n<script type=\"application\/ld+json\" class=\"yoast-schema-graph\">{\"@context\":\"https:\/\/schema.org\",\"@graph\":[{\"@type\":\"WebPage\",\"@id\":\"https:\/\/soloreglasgolf.com\/WordPress3\/reglas-2019\/vi-alivio-sin-penalizacion\/regla-15\/\",\"url\":\"https:\/\/soloreglasgolf.com\/WordPress3\/reglas-2019\/vi-alivio-sin-penalizacion\/regla-15\/\",\"name\":\"Regla 15 \u2013 Alivio de Objetos Movibles: Impedimentos Sueltos, Obstrucciones Movibles, Bolas que Ayudan o Interfieren en el Juego - SoloReglasGolf\",\"isPartOf\":{\"@id\":\"http:\/\/soloreglasgolf.com\/WordPress3\/#website\"},\"datePublished\":\"2018-03-17T21:24:47+00:00\",\"dateModified\":\"2021-05-13T20:11:29+00:00\",\"breadcrumb\":{\"@id\":\"https:\/\/soloreglasgolf.com\/WordPress3\/reglas-2019\/vi-alivio-sin-penalizacion\/regla-15\/#breadcrumb\"},\"inLanguage\":\"es\",\"potentialAction\":[{\"@type\":\"ReadAction\",\"target\":[\"https:\/\/soloreglasgolf.com\/WordPress3\/reglas-2019\/vi-alivio-sin-penalizacion\/regla-15\/\"]}]},{\"@type\":\"BreadcrumbList\",\"@id\":\"https:\/\/soloreglasgolf.com\/WordPress3\/reglas-2019\/vi-alivio-sin-penalizacion\/regla-15\/#breadcrumb\",\"itemListElement\":[{\"@type\":\"ListItem\",\"position\":1,\"name\":\"Portada\",\"item\":\"http:\/\/soloreglasgolf.com\/WordPress3\/\"},{\"@type\":\"ListItem\",\"position\":2,\"name\":\"Reglas 2019\",\"item\":\"http:\/\/soloreglasgolf.com\/WordPress3\/reglas-2019\/\"},{\"@type\":\"ListItem\",\"position\":3,\"name\":\"VI. Alivio Sin Penalizaci\u00f3n\",\"item\":\"https:\/\/soloreglasgolf.com\/WordPress3\/reglas-2019\/vi-alivio-sin-penalizacion\/\"},{\"@type\":\"ListItem\",\"position\":4,\"name\":\"Regla 15 \u2013 Alivio de Objetos Movibles: Impedimentos Sueltos, Obstrucciones Movibles, Bolas que Ayudan o Interfieren en el Juego\"}]},{\"@type\":\"WebSite\",\"@id\":\"http:\/\/soloreglasgolf.com\/WordPress3\/#website\",\"url\":\"http:\/\/soloreglasgolf.com\/WordPress3\/\",\"name\":\"SoloReglasGolf\",\"description\":\"Conversando sobre  Reglas de Golf\",\"potentialAction\":[{\"@type\":\"SearchAction\",\"target\":{\"@type\":\"EntryPoint\",\"urlTemplate\":\"http:\/\/soloreglasgolf.com\/WordPress3\/?s={search_term_string}\"},\"query-input\":\"required name=search_term_string\"}],\"inLanguage\":\"es\"}]}<\/script>\n<!-- \/ Yoast SEO plugin. -->","yoast_head_json":{"title":"Regla 15 \u2013 Alivio de Objetos Movibles: Impedimentos Sueltos, Obstrucciones Movibles, Bolas que Ayudan o Interfieren en el Juego - SoloReglasGolf","robots":{"index":"index","follow":"follow","max-snippet":"max-snippet:-1","max-image-preview":"max-image-preview:large","max-video-preview":"max-video-preview:-1"},"canonical":"https:\/\/soloreglasgolf.com\/WordPress3\/reglas-2019\/vi-alivio-sin-penalizacion\/regla-15\/","twitter_misc":{"Tiempo de lectura":"1 minuto"},"schema":{"@context":"https:\/\/schema.org","@graph":[{"@type":"WebPage","@id":"https:\/\/soloreglasgolf.com\/WordPress3\/reglas-2019\/vi-alivio-sin-penalizacion\/regla-15\/","url":"https:\/\/soloreglasgolf.com\/WordPress3\/reglas-2019\/vi-alivio-sin-penalizacion\/regla-15\/","name":"Regla 15 \u2013 Alivio de Objetos Movibles: Impedimentos Sueltos, Obstrucciones Movibles, Bolas que Ayudan o Interfieren en el Juego - SoloReglasGolf","isPartOf":{"@id":"http:\/\/soloreglasgolf.com\/WordPress3\/#website"},"datePublished":"2018-03-17T21:24:47+00:00","dateModified":"2021-05-13T20:11:29+00:00","breadcrumb":{"@id":"https:\/\/soloreglasgolf.com\/WordPress3\/reglas-2019\/vi-alivio-sin-penalizacion\/regla-15\/#breadcrumb"},"inLanguage":"es","potentialAction":[{"@type":"ReadAction","target":["https:\/\/soloreglasgolf.com\/WordPress3\/reglas-2019\/vi-alivio-sin-penalizacion\/regla-15\/"]}]},{"@type":"BreadcrumbList","@id":"https:\/\/soloreglasgolf.com\/WordPress3\/reglas-2019\/vi-alivio-sin-penalizacion\/regla-15\/#breadcrumb","itemListElement":[{"@type":"ListItem","position":1,"name":"Portada","item":"http:\/\/soloreglasgolf.com\/WordPress3\/"},{"@type":"ListItem","position":2,"name":"Reglas 2019","item":"http:\/\/soloreglasgolf.com\/WordPress3\/reglas-2019\/"},{"@type":"ListItem","position":3,"name":"VI. Alivio Sin Penalizaci\u00f3n","item":"https:\/\/soloreglasgolf.com\/WordPress3\/reglas-2019\/vi-alivio-sin-penalizacion\/"},{"@type":"ListItem","position":4,"name":"Regla 15 \u2013 Alivio de Objetos Movibles: Impedimentos Sueltos, Obstrucciones Movibles, Bolas que Ayudan o Interfieren en el Juego"}]},{"@type":"WebSite","@id":"http:\/\/soloreglasgolf.com\/WordPress3\/#website","url":"http:\/\/soloreglasgolf.com\/WordPress3\/","name":"SoloReglasGolf","description":"Conversando sobre  Reglas de Golf","potentialAction":[{"@type":"SearchAction","target":{"@type":"EntryPoint","urlTemplate":"http:\/\/soloreglasgolf.com\/WordPress3\/?s={search_term_string}"},"query-input":"required name=search_term_string"}],"inLanguage":"es"}]}},"jetpack_sharing_enabled":true,"jetpack_shortlink":"https:\/\/wp.me\/P36cD2-3so","_links":{"self":[{"href":"http:\/\/soloreglasgolf.com\/WordPress3\/wp-json\/wp\/v2\/pages\/13292","targetHints":{"allow":["GET"]}}],"collection":[{"href":"http:\/\/soloreglasgolf.com\/WordPress3\/wp-json\/wp\/v2\/pages"}],"about":[{"href":"http:\/\/soloreglasgolf.com\/WordPress3\/wp-json\/wp\/v2\/types\/page"}],"author":[{"embeddable":true,"href":"http:\/\/soloreglasgolf.com\/WordPress3\/wp-json\/wp\/v2\/users\/28"}],"replies":[{"embeddable":true,"href":"http:\/\/soloreglasgolf.com\/WordPress3\/wp-json\/wp\/v2\/comments?post=13292"}],"version-history":[{"count":11,"href":"http:\/\/soloreglasgolf.com\/WordPress3\/wp-json\/wp\/v2\/pages\/13292\/revisions"}],"predecessor-version":[{"id":44277,"href":"http:\/\/soloreglasgolf.com\/WordPress3\/wp-json\/wp\/v2\/pages\/13292\/revisions\/44277"}],"up":[{"embeddable":true,"href":"http:\/\/soloreglasgolf.com\/WordPress3\/wp-json\/wp\/v2\/pages\/44203"}],"wp:attachment":[{"href":"http:\/\/soloreglasgolf.com\/WordPress3\/wp-json\/wp\/v2\/media?parent=13292"}],"curies":[{"name":"wp","href":"https:\/\/api.w.org\/{rel}","templated":true}]}}