{"id":13257,"date":"2018-03-16T23:12:27","date_gmt":"2018-03-16T22:12:27","guid":{"rendered":"http:\/\/soloreglasgolf.com\/WordPress3\/?page_id=13257"},"modified":"2019-01-01T19:38:17","modified_gmt":"2019-01-01T18:38:17","slug":"15-2-obstrucciones-movibles","status":"publish","type":"page","link":"http:\/\/soloreglasgolf.com\/WordPress3\/reglas-2019\/vi-alivio-sin-penalizacion\/regla-15\/15-2-obstrucciones-movibles\/","title":{"rendered":"15.2 Obstrucciones Movibles"},"content":{"rendered":"<p>Esta Regla cubre el alivio sin penalizaci\u00f3n, que est\u00e1 permitido, de <strong>objetos artificiales<\/strong> que cumplen con la definici\u00f3n de obstrucci\u00f3n movible.<\/p>\n<p>No proporciona alivio de obstrucciones inamovibles (existe un tipo de alivio diferente sin penalizaci\u00f3n bajo la <a href=\"http:\/\/soloreglasgolf.com\/WordPress3\/reglas-2019\/regla-16\/\">Regla 16.1<\/a>), ni objetos de l\u00edmites, ni objetos integrantes (de los cuales no se permite el alivio sin penalizaci\u00f3n).<\/p>\n<p><strong>a. Alivio de Obstrucciones Movibles<\/strong><\/p>\n<p><strong>(1) Quitar Obstrucci\u00f3n Movible<\/strong>.<\/p>\n<p>Se puede quitar una obstrucci\u00f3n movible, sin penalizaci\u00f3n, de cualquier parte del campo o fuera del mismo y puede ser quitada de cualquier manera.<\/p>\n<p>Pero hay <strong>dos excepciones<\/strong>:<\/p>\n<p>Excepci\u00f3n 1 \u2013 Las Marcas de Salida No Deben Ser Movidas Cuando la Bola Va a Ser Jugada Desde el \u00c1rea de Salida (ver Reglas 6.2b (4) y 8.1a (1)).<\/p>\n<p>Excepci\u00f3n 2 \u2013 Restricciones a Mover Deliberadamente Obstrucciones Movibles para Afectar una Bola en Movimiento (ver Regla 11.3)<\/p>\n<p>Si la bola del jugador se mueve al quitar una obstrucci\u00f3n movible:<br \/>\n\u2022 No hay penalizaci\u00f3n, y<br \/>\n\u2022 La bola debe reponerse en su posici\u00f3n de reposo original (si no se conoce, se estima) (ver Regla 14.2).<\/p>\n<p><strong>(2) Alivio Cuando la Bola Est\u00e1 Dentro o Sobre la Obstrucci\u00f3n Movible<\/strong> en Cualquier Lugar del Campo Excepto en el Green. El jugador puede, sin penalizaci\u00f3n, levantar la bola, retirar la obstrucci\u00f3n movible y dropar la bola original u otra bola dentro de la siguiente \u00e1rea de alivio (ver Regla 14.3):<br \/>\n\u2022 Punto de Referencia. El punto estimado est\u00e1 justo debajo de donde la bola reposaba dentro o sobre la obstrucci\u00f3n movible.<br \/>\n\u2022 Tama\u00f1o del \u00c1rea de Alivio Medido desde el Punto de Referencia: La longitud de un palo, pero con las siguientes limitaciones:<br \/>\n\uf0b7 L\u00edmites de la Ubicaci\u00f3n del \u00c1rea de Alivio:<br \/>\n\uf0d8 Debe estar en la misma \u00e1rea del campo que el punto de referencia, y<br \/>\n\uf0d8 No debe estar m\u00e1s cerca del hoyo que el punto de referencia.<\/p>\n<p><strong>(3) Alivio Cuando la Bola Est\u00e1 Dentro o Sobre la Obstrucci\u00f3n Movible en el Green<\/strong>. El jugador puede, sin penalizaci\u00f3n, tomar alivio:<br \/>\n\u2022 Levantando la bola y retirando la obstrucci\u00f3n movible, y<br \/>\n\u2022 Colocando la bola original u otra bola en el punto estimado, justo debajo de donde la bola estaba en reposo dentro o sobre la obstrucci\u00f3n movible, utilizando los procedimientos de las Reglas 14.2b (2) y 14.2e para reponer una bola.<br \/>\nb. Alivio para Bola No Encontrada Pero Dentro o Sobre Obstrucci\u00f3n Movible<br \/>\nSi la bola del jugador no se ha encontrado, pero es conocido o virtualmente cierto que qued\u00f3 en reposo dentro o sobre una obstrucci\u00f3n movible en el campo, el jugador puede aliviarse como sigue, en lugar de tomar alivio por golpe y distancia:<br \/>\n\u2022 El jugador puede aliviarse, sin penalizaci\u00f3n, bajo la Regla 15.2a (2) o 15.2a (3), utilizando el punto estimado inmediatamente debajo de donde la bola cruz\u00f3 por \u00faltima vez el margen de la obstrucci\u00f3n movible en el campo, como punto de referencia.<br \/>\n\u2022 Una vez que el jugador ha puesto otra bola en juego al aliviarse de esta manera:<br \/>\n\uf0d8 La bola original deja de estar en juego y no debe ser jugada.<br \/>\n\uf0d8 Esto se cumple incluso si la bola original es encontrada en el campo antes de transcurrir los tres minutos del tiempo de b\u00fasqueda (ver Regla 6.3b).<br \/>\nPero si no es conocido o virtualmente cierto que la bola del jugador qued\u00f3 en reposo dentro o sobre una obstrucci\u00f3n movible y la bola est\u00e1 perdida, el jugador debe tomar alivio por golpe y distancia bajo la Regla 18.2.<br \/>\nPenalizaci\u00f3n por Jugar una Bola Desde Lugar Equivocado Infringiendo la Regla 15.2: Penalizaci\u00f3n General bajo la Regla 14.7a.<br \/>\nSi m\u00faltiples infracciones a la Regla resultan de un solo acto o actos relacionados, ver Regla 1.3c (4).<\/p>\n<div class=\"g g-2\"><div class=\"g-single a-17\"><script type=\"text\/javascript\"><!--\r\ngoogle_ad_client = \"ca-pub-2363348512557029\";\r\n\/* Blog pagina-post *\/\r\ngoogle_ad_slot = \"1564877784\";\r\ngoogle_ad_width = 728;\r\ngoogle_ad_height = 90;\r\n\/\/-->\r\n<\/script>\r\n<script type=\"text\/javascript\"\r\nsrc=\"http:\/\/pagead2.googlesyndication.com\/pagead\/show_ads.js\">\r\n<\/script><\/div><\/div>\n","protected":false},"excerpt":{"rendered":"<p>Esta Regla cubre el alivio sin penalizaci\u00f3n, que est\u00e1 permitido, de objetos artificiales que cumplen con la definici\u00f3n de obstrucci\u00f3n movible. No proporciona alivio de obstrucciones inamovibles (existe un tipo de alivio diferente sin penalizaci\u00f3n bajo la Regla 16.1), ni objetos de l\u00edmites, ni objetos integrantes (de los cuales no se permite el alivio sin <a href='http:\/\/soloreglasgolf.com\/WordPress3\/reglas-2019\/vi-alivio-sin-penalizacion\/regla-15\/15-2-obstrucciones-movibles\/' class='excerpt-more'>[Leer + &#8230;]<\/a><\/p>\n","protected":false},"author":28,"featured_media":0,"parent":13292,"menu_order":0,"comment_status":"closed","ping_status":"closed","template":"","meta":{"jetpack_post_was_ever_published":false,"footnotes":""},"class_list":["post-13257","page","type-page","status-publish","hentry","post-seq-1","post-parity-odd","meta-position-corners","fix"],"yoast_head":"<!-- This site is optimized with the Yoast SEO plugin v22.0 - https:\/\/yoast.com\/wordpress\/plugins\/seo\/ -->\n<title>15.2 Obstrucciones Movibles - SoloReglasGolf<\/title>\n<meta name=\"robots\" content=\"index, follow, max-snippet:-1, max-image-preview:large, max-video-preview:-1\" \/>\n<link rel=\"canonical\" href=\"http:\/\/soloreglasgolf.com\/WordPress3\/reglas-2019\/vi-alivio-sin-penalizacion\/regla-15\/15-2-obstrucciones-movibles\/\" \/>\n<meta name=\"twitter:label1\" content=\"Tiempo de lectura\" \/>\n\t<meta name=\"twitter:data1\" content=\"3 minutos\" \/>\n<script type=\"application\/ld+json\" class=\"yoast-schema-graph\">{\"@context\":\"https:\/\/schema.org\",\"@graph\":[{\"@type\":\"WebPage\",\"@id\":\"http:\/\/soloreglasgolf.com\/WordPress3\/reglas-2019\/vi-alivio-sin-penalizacion\/regla-15\/15-2-obstrucciones-movibles\/\",\"url\":\"http:\/\/soloreglasgolf.com\/WordPress3\/reglas-2019\/vi-alivio-sin-penalizacion\/regla-15\/15-2-obstrucciones-movibles\/\",\"name\":\"15.2 Obstrucciones Movibles - SoloReglasGolf\",\"isPartOf\":{\"@id\":\"http:\/\/soloreglasgolf.com\/WordPress3\/#website\"},\"datePublished\":\"2018-03-16T22:12:27+00:00\",\"dateModified\":\"2019-01-01T18:38:17+00:00\",\"breadcrumb\":{\"@id\":\"http:\/\/soloreglasgolf.com\/WordPress3\/reglas-2019\/vi-alivio-sin-penalizacion\/regla-15\/15-2-obstrucciones-movibles\/#breadcrumb\"},\"inLanguage\":\"es\",\"potentialAction\":[{\"@type\":\"ReadAction\",\"target\":[\"http:\/\/soloreglasgolf.com\/WordPress3\/reglas-2019\/vi-alivio-sin-penalizacion\/regla-15\/15-2-obstrucciones-movibles\/\"]}]},{\"@type\":\"BreadcrumbList\",\"@id\":\"http:\/\/soloreglasgolf.com\/WordPress3\/reglas-2019\/vi-alivio-sin-penalizacion\/regla-15\/15-2-obstrucciones-movibles\/#breadcrumb\",\"itemListElement\":[{\"@type\":\"ListItem\",\"position\":1,\"name\":\"Portada\",\"item\":\"http:\/\/soloreglasgolf.com\/WordPress3\/\"},{\"@type\":\"ListItem\",\"position\":2,\"name\":\"Reglas 2019\",\"item\":\"http:\/\/soloreglasgolf.com\/WordPress3\/reglas-2019\/\"},{\"@type\":\"ListItem\",\"position\":3,\"name\":\"VI. Alivio Sin Penalizaci\u00f3n\",\"item\":\"http:\/\/soloreglasgolf.com\/WordPress3\/reglas-2019\/vi-alivio-sin-penalizacion\/\"},{\"@type\":\"ListItem\",\"position\":4,\"name\":\"Regla 15 \u2013 Alivio de Objetos Movibles: Impedimentos Sueltos, Obstrucciones Movibles, Bolas que Ayudan o Interfieren en el Juego\",\"item\":\"http:\/\/soloreglasgolf.com\/WordPress3\/reglas-2019\/vi-alivio-sin-penalizacion\/regla-15\/\"},{\"@type\":\"ListItem\",\"position\":5,\"name\":\"15.2 Obstrucciones Movibles\"}]},{\"@type\":\"WebSite\",\"@id\":\"http:\/\/soloreglasgolf.com\/WordPress3\/#website\",\"url\":\"http:\/\/soloreglasgolf.com\/WordPress3\/\",\"name\":\"SoloReglasGolf\",\"description\":\"Conversando sobre  Reglas de Golf\",\"potentialAction\":[{\"@type\":\"SearchAction\",\"target\":{\"@type\":\"EntryPoint\",\"urlTemplate\":\"http:\/\/soloreglasgolf.com\/WordPress3\/?s={search_term_string}\"},\"query-input\":\"required name=search_term_string\"}],\"inLanguage\":\"es\"}]}<\/script>\n<!-- \/ Yoast SEO plugin. -->","yoast_head_json":{"title":"15.2 Obstrucciones Movibles - SoloReglasGolf","robots":{"index":"index","follow":"follow","max-snippet":"max-snippet:-1","max-image-preview":"max-image-preview:large","max-video-preview":"max-video-preview:-1"},"canonical":"http:\/\/soloreglasgolf.com\/WordPress3\/reglas-2019\/vi-alivio-sin-penalizacion\/regla-15\/15-2-obstrucciones-movibles\/","twitter_misc":{"Tiempo de lectura":"3 minutos"},"schema":{"@context":"https:\/\/schema.org","@graph":[{"@type":"WebPage","@id":"http:\/\/soloreglasgolf.com\/WordPress3\/reglas-2019\/vi-alivio-sin-penalizacion\/regla-15\/15-2-obstrucciones-movibles\/","url":"http:\/\/soloreglasgolf.com\/WordPress3\/reglas-2019\/vi-alivio-sin-penalizacion\/regla-15\/15-2-obstrucciones-movibles\/","name":"15.2 Obstrucciones Movibles - SoloReglasGolf","isPartOf":{"@id":"http:\/\/soloreglasgolf.com\/WordPress3\/#website"},"datePublished":"2018-03-16T22:12:27+00:00","dateModified":"2019-01-01T18:38:17+00:00","breadcrumb":{"@id":"http:\/\/soloreglasgolf.com\/WordPress3\/reglas-2019\/vi-alivio-sin-penalizacion\/regla-15\/15-2-obstrucciones-movibles\/#breadcrumb"},"inLanguage":"es","potentialAction":[{"@type":"ReadAction","target":["http:\/\/soloreglasgolf.com\/WordPress3\/reglas-2019\/vi-alivio-sin-penalizacion\/regla-15\/15-2-obstrucciones-movibles\/"]}]},{"@type":"BreadcrumbList","@id":"http:\/\/soloreglasgolf.com\/WordPress3\/reglas-2019\/vi-alivio-sin-penalizacion\/regla-15\/15-2-obstrucciones-movibles\/#breadcrumb","itemListElement":[{"@type":"ListItem","position":1,"name":"Portada","item":"http:\/\/soloreglasgolf.com\/WordPress3\/"},{"@type":"ListItem","position":2,"name":"Reglas 2019","item":"http:\/\/soloreglasgolf.com\/WordPress3\/reglas-2019\/"},{"@type":"ListItem","position":3,"name":"VI. Alivio Sin Penalizaci\u00f3n","item":"http:\/\/soloreglasgolf.com\/WordPress3\/reglas-2019\/vi-alivio-sin-penalizacion\/"},{"@type":"ListItem","position":4,"name":"Regla 15 \u2013 Alivio de Objetos Movibles: Impedimentos Sueltos, Obstrucciones Movibles, Bolas que Ayudan o Interfieren en el Juego","item":"http:\/\/soloreglasgolf.com\/WordPress3\/reglas-2019\/vi-alivio-sin-penalizacion\/regla-15\/"},{"@type":"ListItem","position":5,"name":"15.2 Obstrucciones Movibles"}]},{"@type":"WebSite","@id":"http:\/\/soloreglasgolf.com\/WordPress3\/#website","url":"http:\/\/soloreglasgolf.com\/WordPress3\/","name":"SoloReglasGolf","description":"Conversando sobre  Reglas de Golf","potentialAction":[{"@type":"SearchAction","target":{"@type":"EntryPoint","urlTemplate":"http:\/\/soloreglasgolf.com\/WordPress3\/?s={search_term_string}"},"query-input":"required name=search_term_string"}],"inLanguage":"es"}]}},"jetpack_sharing_enabled":true,"jetpack_shortlink":"https:\/\/wp.me\/P36cD2-3rP","_links":{"self":[{"href":"http:\/\/soloreglasgolf.com\/WordPress3\/wp-json\/wp\/v2\/pages\/13257","targetHints":{"allow":["GET"]}}],"collection":[{"href":"http:\/\/soloreglasgolf.com\/WordPress3\/wp-json\/wp\/v2\/pages"}],"about":[{"href":"http:\/\/soloreglasgolf.com\/WordPress3\/wp-json\/wp\/v2\/types\/page"}],"author":[{"embeddable":true,"href":"http:\/\/soloreglasgolf.com\/WordPress3\/wp-json\/wp\/v2\/users\/28"}],"replies":[{"embeddable":true,"href":"http:\/\/soloreglasgolf.com\/WordPress3\/wp-json\/wp\/v2\/comments?post=13257"}],"version-history":[{"count":6,"href":"http:\/\/soloreglasgolf.com\/WordPress3\/wp-json\/wp\/v2\/pages\/13257\/revisions"}],"predecessor-version":[{"id":14478,"href":"http:\/\/soloreglasgolf.com\/WordPress3\/wp-json\/wp\/v2\/pages\/13257\/revisions\/14478"}],"up":[{"embeddable":true,"href":"http:\/\/soloreglasgolf.com\/WordPress3\/wp-json\/wp\/v2\/pages\/13292"}],"wp:attachment":[{"href":"http:\/\/soloreglasgolf.com\/WordPress3\/wp-json\/wp\/v2\/media?parent=13257"}],"curies":[{"name":"wp","href":"https:\/\/api.w.org\/{rel}","templated":true}]}}